CRAN Package Check Results for Package spatstat.Knet

Last updated on 2025-04-23 12:49:47 CEST.

Flavor Version Tinstall Tcheck Ttotal Status Flags
r-devel-linux-x86_64-debian-clang 3.1-2 9.16 81.86 91.02 OK
r-devel-linux-x86_64-debian-gcc 3.1-2 7.80 65.04 72.84 OK
r-devel-linux-x86_64-fedora-clang 3.1-2 147.30 OK
r-devel-linux-x86_64-fedora-gcc 3.1-2 139.31 OK
r-devel-windows-x86_64 3.1-2 14.00 96.00 110.00 OK
r-patched-linux-x86_64 3.1-2 10.36 80.54 90.90 OK
r-release-linux-x86_64 3.1-2 9.84 79.42 89.26 OK
r-release-macos-arm64 3.1-2 42.00 OK
r-release-macos-x86_64 3.1-2 88.00 OK
r-release-windows-x86_64 3.1-2 14.00 95.00 109.00 OK
r-oldrel-macos-arm64 3.1-2 45.00 NOTE
r-oldrel-macos-x86_64 3.1-2 103.00 NOTE
r-oldrel-windows-x86_64 3.1-2 17.00 116.00 133.00 NOTE

Check Details

Version: 3.1-2
Check: package dependencies
Result: NOTE Depends: includes the non-default packages: 'spatstat.data', 'spatstat.sparse', 'spatstat.univar', 'spatstat.geom', 'spatstat.random', 'spatstat.explore', 'spatstat.model', 'spatstat.linnet', 'spatstat' Adding so many packages to the search path is excessive and importing selectively is preferable. Flavors: r-oldrel-macos-arm64, r-oldrel-macos-x86_64, r-oldrel-windows-x86_64