CRAN Package Check Results for Package spatsoc

Last updated on 2024-06-19 00:49:41 CEST.

Flavor Version Tinstall Tcheck Ttotal Status Flags
r-devel-linux-x86_64-debian-clang 0.2.2 5.51 165.10 170.61 OK
r-devel-linux-x86_64-debian-gcc 0.2.2 3.08 116.72 119.80 OK
r-devel-linux-x86_64-fedora-clang 0.2.2 213.08 NOTE
r-devel-linux-x86_64-fedora-gcc 0.2.2 208.52 OK
r-devel-windows-x86_64 0.2.2 5.00 129.00 134.00 OK
r-patched-linux-x86_64 0.2.2 5.11 153.72 158.83 OK
r-release-linux-x86_64 0.2.2 3.01 156.20 159.21 OK
r-release-macos-arm64 0.2.2 60.00 OK
r-release-macos-x86_64 0.2.2 98.00 OK
r-release-windows-x86_64 0.2.2 5.00 136.00 141.00 OK
r-oldrel-macos-arm64 0.2.2 67.00 OK
r-oldrel-macos-x86_64 0.2.2 120.00 OK
r-oldrel-windows-x86_64 0.2.2 6.00 163.00 169.00 OK

Check Details

Version: 0.2.2
Check: Rd cross-references
Result: NOTE Undeclared package ‘sp’ in Rd xrefs Flavor: r-devel-linux-x86_64-fedora-clang