CRAN Package Check Results for Package spatialEco

Last updated on 2020-05-28 07:48:08 CEST.

Flavor Version Tinstall Tcheck Ttotal Status Flags
r-devel-linux-x86_64-debian-clang 1.3-1 16.67 185.00 201.67 OK
r-devel-linux-x86_64-debian-gcc 1.3-1 16.04 138.58 154.62 WARN
r-devel-linux-x86_64-fedora-clang 1.3-1 258.41 WARN
r-devel-linux-x86_64-fedora-gcc 1.3-1 254.11 WARN
r-devel-windows-ix86+x86_64 1.3-1 49.00 282.00 331.00 OK
r-patched-linux-x86_64 1.3-1 15.47 183.94 199.41 OK
r-patched-solaris-x86 1.3-1 351.90 NOTE
r-release-linux-x86_64 1.3-1 12.48 185.56 198.04 OK
r-release-osx-x86_64 1.3-1 NOTE
r-release-windows-ix86+x86_64 1.3-1 41.00 306.00 347.00 OK
r-oldrel-osx-x86_64 1.3-1 NOTE
r-oldrel-windows-ix86+x86_64 1.3-1 29.00 213.00 242.00 OK

Additional issues

rchk

Check Details

Version: 1.3-1
Check: whether package can be installed
Result: WARN
    Found the following significant warnings:
     Warning: S4 exports specified in 'NAMESPACE' but not defined in package ‘spatialEco’
Flavors: r-devel-linux-x86_64-debian-gcc, r-devel-linux-x86_64-fedora-clang, r-devel-linux-x86_64-fedora-gcc

Version: 1.3-1
Check: whether the namespace can be loaded with stated dependencies
Result: NOTE
    Warning: S4 exports specified in 'NAMESPACE' but not defined in package ‘spatialEco’
    
    A namespace must be able to be loaded with just the base namespace
    loaded: otherwise if the namespace gets loaded by a saved object, the
    session will be unable to start.
    
    Probably some imports need to be declared in the NAMESPACE file.
Flavors: r-devel-linux-x86_64-debian-gcc, r-devel-linux-x86_64-fedora-clang, r-devel-linux-x86_64-fedora-gcc

Version: 1.3-1
Check: dependencies in R code
Result: NOTE
    Namespace in Imports field not imported from: ‘dplyr’
     All declared Imports should be used.
Flavors: r-devel-linux-x86_64-fedora-clang, r-devel-linux-x86_64-fedora-gcc, r-patched-solaris-x86, r-release-osx-x86_64, r-oldrel-osx-x86_64