CRAN Package Check Results for Package sparkxgb

Last updated on 2022-10-03 21:53:50 CEST.

Flavor Version Tinstall Tcheck Ttotal Status Flags
r-devel-linux-x86_64-debian-clang 0.1.1 8.98 65.41 74.39 NOTE
r-devel-linux-x86_64-debian-gcc 0.1.1 5.43 48.41 53.84 NOTE
r-devel-linux-x86_64-fedora-clang 0.1.1 105.26 NOTE
r-devel-linux-x86_64-fedora-gcc 0.1.1 97.36 NOTE
r-devel-windows-x86_64 0.1.1 15.00 96.00 111.00 NOTE
r-patched-linux-x86_64 0.1.1 11.94 62.63 74.57 NOTE
r-release-linux-x86_64 0.1.1 7.51 60.57 68.08 NOTE
r-release-macos-arm64 0.1.1 28.00 NOTE
r-release-macos-x86_64 0.1.1 51.00 NOTE
r-release-windows-x86_64 0.1.1 15.00 94.00 109.00 NOTE
r-oldrel-macos-arm64 0.1.1 31.00 NOTE
r-oldrel-macos-x86_64 0.1.1 50.00 NOTE
r-oldrel-windows-ix86+x86_64 0.1.1 19.00 87.00 106.00 NOTE

Check Details

Version: 0.1.1
Check: LazyData
Result: NOTE
     'LazyData' is specified without a 'data' directory
Flavors: r-devel-linux-x86_64-debian-clang, r-devel-linux-x86_64-debian-gcc, r-devel-linux-x86_64-fedora-clang, r-devel-linux-x86_64-fedora-gcc, r-devel-windows-x86_64, r-patched-linux-x86_64, r-release-linux-x86_64, r-release-macos-arm64, r-release-macos-x86_64, r-release-windows-x86_64, r-oldrel-macos-arm64, r-oldrel-macos-x86_64, r-oldrel-windows-ix86+x86_64