CRAN Package Check Results for Package sparktf

Last updated on 2022-10-02 01:50:45 CEST.

Flavor Version Tinstall Tcheck Ttotal Status Flags
r-devel-linux-x86_64-debian-clang 0.1.0 7.15 66.03 73.18 NOTE
r-devel-linux-x86_64-debian-gcc 0.1.0 5.77 50.21 55.98 NOTE
r-devel-linux-x86_64-fedora-clang 0.1.0 105.42 NOTE
r-devel-linux-x86_64-fedora-gcc 0.1.0 96.52 NOTE
r-devel-windows-x86_64 0.1.0 11.00 99.00 110.00 NOTE
r-patched-linux-x86_64 0.1.0 6.71 62.89 69.60 NOTE
r-release-linux-x86_64 0.1.0 5.65 60.73 66.38 NOTE
r-release-macos-arm64 0.1.0 26.00 NOTE
r-release-macos-x86_64 0.1.0 46.00 NOTE
r-release-windows-x86_64 0.1.0 10.00 116.00 126.00 NOTE
r-oldrel-macos-arm64 0.1.0 30.00 NOTE
r-oldrel-macos-x86_64 0.1.0 50.00 NOTE
r-oldrel-windows-ix86+x86_64 0.1.0 18.00 88.00 106.00 NOTE

Check Details

Version: 0.1.0
Check: LazyData
Result: NOTE
     'LazyData' is specified without a 'data' directory
Flavors: r-devel-linux-x86_64-debian-clang, r-devel-linux-x86_64-debian-gcc, r-devel-linux-x86_64-fedora-clang, r-devel-linux-x86_64-fedora-gcc, r-devel-windows-x86_64, r-patched-linux-x86_64, r-release-linux-x86_64, r-release-macos-arm64, r-release-macos-x86_64, r-release-windows-x86_64, r-oldrel-macos-arm64, r-oldrel-macos-x86_64, r-oldrel-windows-ix86+x86_64