Last updated on 2022-08-17 00:52:14 CEST.
Flavor | Version | Tinstall | Tcheck | Ttotal | Status | Flags |
---|---|---|---|---|---|---|
r-devel-linux-x86_64-debian-clang | 1.7.7 | 32.22 | 207.25 | 239.47 | NOTE | |
r-devel-linux-x86_64-debian-gcc | 1.7.7 | 28.70 | 152.85 | 181.55 | NOTE | |
r-devel-linux-x86_64-fedora-clang | 1.7.7 | 323.26 | NOTE | |||
r-devel-linux-x86_64-fedora-gcc | 1.7.7 | 328.63 | NOTE | |||
r-devel-windows-x86_64 | 1.7.7 | 460.00 | 238.00 | 698.00 | NOTE | |
r-patched-linux-x86_64 | 1.7.7 | 41.24 | 178.53 | 219.77 | OK | |
r-release-linux-x86_64 | 1.7.7 | 37.41 | 179.52 | 216.93 | OK | |
r-release-macos-arm64 | 1.7.8 | 73.00 | NOTE | |||
r-release-macos-x86_64 | 1.7.7 | 95.00 | NOTE | |||
r-release-windows-x86_64 | 1.7.7 | 380.00 | 217.00 | 597.00 | NOTE | |
r-oldrel-macos-arm64 | 1.7.7 | 66.00 | NOTE | |||
r-oldrel-macos-x86_64 | 1.7.7 | 101.00 | NOTE | |||
r-oldrel-windows-ix86+x86_64 | 1.7.7 | 68.00 | 198.00 | 266.00 | NOTE |
Version: 1.7.7
Check: package subdirectories
Result: NOTE
Problems with news in 'NEWS.md':
Cannot extract version info from the following section titles:
Data
Flavors: r-devel-linux-x86_64-debian-clang, r-devel-linux-x86_64-debian-gcc, r-devel-linux-x86_64-fedora-clang, r-devel-linux-x86_64-fedora-gcc, r-devel-windows-x86_64
Version: 1.7.7
Check: HTML version of manual
Result: NOTE
Found the following HTML validation problems:
stream_lag.html:45:1: Error: <destination> is not recognized!
stream_lag.html:45:1: Warning: discarding unexpected <destination>
stream_lag.html:45:42: Error: <offset> is not recognized!
stream_lag.html:45:42: Warning: discarding unexpected <offset>
stream_lag.html:45:24: Warning: <source> proprietary attribute "column"
Flavors: r-devel-linux-x86_64-debian-clang, r-devel-linux-x86_64-debian-gcc
Version: 1.7.7
Check: package dependencies
Result: NOTE
Imports includes 29 non-default packages.
Importing from so many packages makes the package vulnerable to any of
them becoming unavailable. Move as many as possible to Suggests and
use conditionally.
Flavor: r-devel-linux-x86_64-fedora-clang
Version: 1.7.7
Check: installed package size
Result: NOTE
installed size is 6.3Mb
sub-directories of 1Mb or more:
R 1.6Mb
java 3.4Mb
Flavors: r-devel-linux-x86_64-fedora-clang, r-devel-windows-x86_64, r-release-macos-x86_64, r-release-windows-x86_64, r-oldrel-macos-arm64, r-oldrel-macos-x86_64, r-oldrel-windows-ix86+x86_64
Version: 1.7.7
Check: HTML version of manual
Result: NOTE
Found the following HTML validation problems:
stream_lag.html:45:1: Error: <destination> is not recognised!
stream_lag.html:45:1: Warning: discarding unexpected <destination>
stream_lag.html:45:42: Error: <offset> is not recognised!
stream_lag.html:45:42: Warning: discarding unexpected <offset>
stream_lag.html:45:24: Warning: <source> proprietary attribute "column"
Flavors: r-devel-linux-x86_64-fedora-clang, r-devel-linux-x86_64-fedora-gcc
Version: 1.7.8
Check: installed package size
Result: NOTE
installed size is 6.7Mb
sub-directories of 1Mb or more:
R 2.1Mb
java 3.4Mb
Flavor: r-release-macos-arm64