Last updated on 2023-01-31 06:51:36 CET.
Flavor | Version | Tinstall | Tcheck | Ttotal | Status | Flags |
---|---|---|---|---|---|---|
r-devel-linux-x86_64-debian-clang | 1.7.9 | 36.83 | 209.12 | 245.95 | OK | |
r-devel-linux-x86_64-debian-gcc | 1.7.9 | 27.62 | 152.21 | 179.83 | OK | |
r-devel-linux-x86_64-fedora-clang | 1.7.9 | 301.46 | NOTE | |||
r-devel-linux-x86_64-fedora-gcc | 1.7.9 | 289.12 | OK | |||
r-devel-windows-x86_64 | 1.7.9 | 71.00 | 307.00 | 378.00 | NOTE | |
r-patched-linux-x86_64 | 1.7.9 | 44.46 | 175.54 | 220.00 | OK | |
r-release-linux-x86_64 | 1.7.9 | 37.07 | 182.04 | 219.11 | OK | |
r-release-macos-arm64 | 1.7.9 | 71.00 | NOTE | |||
r-release-macos-x86_64 | 1.7.9 | 100.00 | NOTE | |||
r-release-windows-x86_64 | 1.7.9 | 334.00 | 231.00 | 565.00 | NOTE | |
r-oldrel-macos-arm64 | 1.7.9 | 56.00 | NOTE | |||
r-oldrel-macos-x86_64 | 1.7.9 | 102.00 | NOTE | |||
r-oldrel-windows-ix86+x86_64 | 1.7.9 | 66.00 | 226.00 | 292.00 | NOTE |
Version: 1.7.9
Check: package dependencies
Result: NOTE
Imports includes 28 non-default packages.
Importing from so many packages makes the package vulnerable to any of
them becoming unavailable. Move as many as possible to Suggests and
use conditionally.
Flavor: r-devel-linux-x86_64-fedora-clang
Version: 1.7.9
Check: installed package size
Result: NOTE
installed size is 6.3Mb
sub-directories of 1Mb or more:
R 1.5Mb
java 3.4Mb
Flavors: r-devel-linux-x86_64-fedora-clang, r-devel-windows-x86_64, r-release-macos-arm64, r-release-macos-x86_64, r-release-windows-x86_64, r-oldrel-macos-arm64, r-oldrel-macos-x86_64, r-oldrel-windows-ix86+x86_64