CRAN Package Check Results for Package sparklyr.flint

Last updated on 2021-04-09 19:49:42 CEST.

Flavor Version Tinstall Tcheck Ttotal Status Flags
r-devel-linux-x86_64-debian-clang 0.2.1 7.57 74.96 82.53 NOTE
r-devel-linux-x86_64-debian-gcc 0.2.1 5.77 56.96 62.73 NOTE
r-devel-linux-x86_64-fedora-clang 0.2.1 107.53 NOTE
r-devel-linux-x86_64-fedora-gcc 0.2.1 99.40 NOTE
r-devel-windows-ix86+x86_64 0.2.1 13.00 93.00 106.00 NOTE
r-devel-windows-x86_64-gcc10-UCRT 0.2.1 NOTE
r-patched-linux-x86_64 0.2.1 6.45 70.98 77.43 OK
r-patched-solaris-x86 0.2.1 143.00 OK
r-release-linux-x86_64 0.2.1 OK
r-release-macos-x86_64 0.2.1 OK
r-release-windows-ix86+x86_64 0.2.1 33.00 114.00 147.00 OK
r-oldrel-macos-x86_64 0.2.1 OK
r-oldrel-windows-ix86+x86_64 0.2.1 14.00 108.00 122.00 OK

Check Details

Version: 0.2.1
Check: LazyData
Result: NOTE
     'LazyData' is specified without a 'data' directory
Flavors: r-devel-linux-x86_64-debian-clang, r-devel-linux-x86_64-debian-gcc, r-devel-linux-x86_64-fedora-clang, r-devel-linux-x86_64-fedora-gcc, r-devel-windows-ix86+x86_64, r-devel-windows-x86_64-gcc10-UCRT