CRAN Package Check Results for Package sparkhail

Last updated on 2022-10-01 01:49:18 CEST.

Flavor Version Tinstall Tcheck Ttotal Status Flags
r-devel-linux-x86_64-debian-clang 0.1.1 8.34 68.57 76.91 NOTE
r-devel-linux-x86_64-debian-gcc 0.1.1 6.83 51.30 58.13 NOTE
r-devel-linux-x86_64-fedora-clang 0.1.1 108.38 NOTE
r-devel-linux-x86_64-fedora-gcc 0.1.1 99.68 NOTE
r-devel-windows-x86_64 0.1.1 28.00 93.00 121.00 NOTE
r-patched-linux-x86_64 0.1.1 6.26 65.86 72.12 NOTE
r-release-linux-x86_64 0.1.1 5.37 64.75 70.12 NOTE
r-release-macos-arm64 0.1.1 29.00 NOTE
r-release-macos-x86_64 0.1.1 46.00 NOTE
r-release-windows-x86_64 0.1.1 28.00 95.00 123.00 NOTE
r-oldrel-macos-arm64 0.1.1 31.00 NOTE
r-oldrel-macos-x86_64 0.1.1 43.00 NOTE
r-oldrel-windows-ix86+x86_64 0.1.1 20.00 89.00 109.00 NOTE

Check Details

Version: 0.1.1
Check: LazyData
Result: NOTE
     'LazyData' is specified without a 'data' directory
Flavors: r-devel-linux-x86_64-debian-clang, r-devel-linux-x86_64-debian-gcc, r-devel-linux-x86_64-fedora-clang, r-devel-linux-x86_64-fedora-gcc, r-devel-windows-x86_64, r-patched-linux-x86_64, r-release-linux-x86_64, r-release-macos-arm64, r-release-macos-x86_64, r-release-windows-x86_64, r-oldrel-macos-arm64, r-oldrel-macos-x86_64, r-oldrel-windows-ix86+x86_64