CRAN Package Check Results for Package sparkbq

Last updated on 2022-10-06 21:50:07 CEST.

Flavor Version Tinstall Tcheck Ttotal Status Flags
r-devel-linux-x86_64-debian-clang 0.1.1 7.75 63.57 71.32 NOTE
r-devel-linux-x86_64-debian-gcc 0.1.1 5.97 46.99 52.96 NOTE
r-devel-linux-x86_64-fedora-clang 0.1.1 101.42 NOTE
r-devel-linux-x86_64-fedora-gcc 0.1.1 93.63 NOTE
r-devel-windows-x86_64 0.1.1 11.00 83.00 94.00 NOTE
r-patched-linux-x86_64 0.1.1 7.93 59.00 66.93 NOTE
r-release-linux-x86_64 0.1.1 5.01 60.77 65.78 NOTE
r-release-macos-arm64 0.1.1 26.00 NOTE
r-release-macos-x86_64 0.1.1 44.00 NOTE
r-release-windows-x86_64 0.1.1 16.00 82.00 98.00 NOTE
r-oldrel-macos-arm64 0.1.1 29.00 NOTE
r-oldrel-macos-x86_64 0.1.1 48.00 NOTE
r-oldrel-windows-ix86+x86_64 0.1.1 19.00 83.00 102.00 NOTE

Check Details

Version: 0.1.1
Check: LazyData
Result: NOTE
     'LazyData' is specified without a 'data' directory
Flavors: r-devel-linux-x86_64-debian-clang, r-devel-linux-x86_64-debian-gcc, r-devel-linux-x86_64-fedora-clang, r-devel-linux-x86_64-fedora-gcc, r-devel-windows-x86_64, r-patched-linux-x86_64, r-release-linux-x86_64, r-release-macos-arm64, r-release-macos-x86_64, r-release-windows-x86_64, r-oldrel-macos-arm64, r-oldrel-macos-x86_64, r-oldrel-windows-ix86+x86_64