CRAN Package Check Results for Package spam

Last updated on 2020-09-20 07:51:43 CEST.

Flavor Version Tinstall Tcheck Ttotal Status Flags
r-devel-linux-x86_64-debian-clang 2.5-1 30.80 149.01 179.81 OK
r-devel-linux-x86_64-debian-gcc 2.5-1 23.73 111.92 135.65 OK
r-devel-linux-x86_64-fedora-clang 2.5-1 238.67 NOTE
r-devel-linux-x86_64-fedora-gcc 2.5-1 225.06 OK
r-devel-windows-ix86+x86_64 2.5-1 65.00 224.00 289.00 OK
r-patched-linux-x86_64 2.5-1 27.10 149.77 176.87 OK
r-patched-solaris-x86 2.5-1 299.80 OK
r-release-linux-x86_64 2.5-1 27.51 152.77 180.28 OK
r-release-macos-x86_64 2.5-1 OK
r-release-windows-ix86+x86_64 2.5-1 67.00 272.00 339.00 OK
r-oldrel-macos-x86_64 2.5-1 OK
r-oldrel-windows-ix86+x86_64 2.5-1 51.00 265.00 316.00 OK

Check Details

Version: 2.5-1
Check: Rd cross-references
Result: NOTE
    Undeclared package ‘magic’ in Rd xrefs
Flavor: r-devel-linux-x86_64-fedora-clang