CRAN Package Check Results for Package spaero

Last updated on 2022-09-24 21:51:14 CEST.

Flavor Version Tinstall Tcheck Ttotal Status Flags
r-devel-linux-x86_64-debian-clang 0.6.0 2.40 70.15 72.55 NOTE
r-devel-linux-x86_64-debian-gcc 0.6.0 1.64 50.56 52.20 NOTE
r-devel-linux-x86_64-fedora-clang 0.6.0 99.45 NOTE
r-devel-linux-x86_64-fedora-gcc 0.6.0 107.43 NOTE
r-devel-windows-x86_64 0.6.0 13.00 121.00 134.00 NOTE
r-patched-linux-x86_64 0.6.0 2.41 65.05 67.46 NOTE
r-release-linux-x86_64 0.6.0 2.11 65.42 67.53 NOTE
r-release-macos-arm64 0.6.0 37.00 NOTE
r-release-macos-x86_64 0.6.0 58.00 NOTE
r-release-windows-x86_64 0.6.0 20.00 121.00 141.00 NOTE
r-oldrel-macos-arm64 0.6.0 35.00 NOTE
r-oldrel-macos-x86_64 0.6.0 69.00 NOTE
r-oldrel-windows-ix86+x86_64 0.6.0 5.00 109.00 114.00 NOTE

Check Details

Version: 0.6.0
Check: package dependencies
Result: NOTE
    Package suggested but not available for checking: 'earlywarnings'
Flavors: r-devel-linux-x86_64-debian-clang, r-devel-linux-x86_64-debian-gcc, r-devel-linux-x86_64-fedora-clang, r-devel-linux-x86_64-fedora-gcc, r-patched-linux-x86_64, r-release-linux-x86_64

Version: 0.6.0
Check: Rd cross-references
Result: NOTE
    Unknown package 'earlywarnings' in Rd xrefs
Flavors: r-devel-linux-x86_64-debian-clang, r-devel-linux-x86_64-debian-gcc, r-devel-linux-x86_64-fedora-clang, r-devel-linux-x86_64-fedora-gcc, r-patched-linux-x86_64, r-release-linux-x86_64

Version: 0.6.0
Check: LazyData
Result: NOTE
     'LazyData' is specified without a 'data' directory
Flavors: r-devel-linux-x86_64-debian-clang, r-devel-linux-x86_64-debian-gcc, r-devel-linux-x86_64-fedora-clang, r-devel-linux-x86_64-fedora-gcc, r-devel-windows-x86_64, r-patched-linux-x86_64, r-release-linux-x86_64, r-release-macos-arm64, r-release-macos-x86_64, r-release-windows-x86_64, r-oldrel-macos-arm64, r-oldrel-macos-x86_64, r-oldrel-windows-ix86+x86_64

Version: 0.6.0
Check: dependencies in R code
Result: NOTE
    Namespace in Imports field not imported from: ‘utils’
     All declared Imports should be used.
Flavors: r-devel-linux-x86_64-fedora-clang, r-devel-linux-x86_64-fedora-gcc, r-release-macos-arm64, r-release-macos-x86_64, r-oldrel-macos-arm64, r-oldrel-macos-x86_64