CRAN Package Check Results for Package spacyr

Last updated on 2020-08-10 22:49:44 CEST.

Flavor Version Tinstall Tcheck Ttotal Status Flags
r-devel-linux-x86_64-debian-clang 1.2.1 11.54 78.74 90.28 OK
r-devel-linux-x86_64-debian-gcc 1.2.1 8.06 58.24 66.30 OK
r-devel-linux-x86_64-fedora-clang 1.2.1 112.21 NOTE
r-devel-linux-x86_64-fedora-gcc 1.2.1 99.62 NOTE
r-devel-windows-ix86+x86_64 1.2.1 26.00 112.00 138.00 OK
r-patched-linux-x86_64 1.2.1 8.76 74.81 83.57 OK
r-patched-solaris-x86 1.2.1 154.40 NOTE
r-release-linux-x86_64 1.2.1 8.42 75.74 84.16 OK
r-release-macos-x86_64 1.2.1 NOTE
r-release-windows-ix86+x86_64 1.2.1 24.00 110.00 134.00 OK
r-oldrel-macos-x86_64 1.2.1 NOTE
r-oldrel-windows-ix86+x86_64 1.2.1 12.00 64.00 76.00 OK

Check Details

Version: 1.2.1
Check: data for non-ASCII characters
Result: NOTE
     Note: found 1 marked UTF-8 string
Flavors: r-devel-linux-x86_64-fedora-clang, r-devel-linux-x86_64-fedora-gcc, r-patched-solaris-x86, r-release-macos-x86_64, r-oldrel-macos-x86_64