CRAN Package Check Results for Package spacey

Last updated on 2020-11-01 01:47:33 CET.

Flavor Version Tinstall Tcheck Ttotal Status Flags
r-devel-linux-x86_64-debian-clang 0.1.1 3.52 51.32 54.84 OK
r-devel-linux-x86_64-debian-gcc 0.1.1 2.50 38.63 41.13 OK
r-devel-linux-x86_64-fedora-clang 0.1.1 73.17 NOTE
r-devel-linux-x86_64-fedora-gcc 0.1.1 62.83 NOTE
r-devel-windows-ix86+x86_64 0.1.1 9.00 85.00 94.00 OK
r-patched-linux-x86_64 0.1.1 3.16 49.67 52.83 OK
r-patched-solaris-x86 0.1.1 126.40 NOTE
r-release-linux-x86_64 0.1.1 3.20 49.38 52.58 OK
r-release-macos-x86_64 0.1.1 NOTE
r-release-windows-ix86+x86_64 0.1.1 6.00 167.00 173.00 OK
r-oldrel-macos-x86_64 0.1.1 NOTE
r-oldrel-windows-ix86+x86_64 0.1.1 5.00 58.00 63.00 OK

Check Details

Version: 0.1.1
Check: dependencies in R code
Result: NOTE
    Namespace in Imports field not imported from: ‘rgdal’
     All declared Imports should be used.
Flavors: r-devel-linux-x86_64-fedora-clang, r-devel-linux-x86_64-fedora-gcc, r-patched-solaris-x86, r-release-macos-x86_64, r-oldrel-macos-x86_64