CRAN Package Check Results for Package spCP

Last updated on 2022-09-25 12:56:09 CEST.

Flavor Version Tinstall Tcheck Ttotal Status Flags
r-devel-linux-x86_64-debian-clang 1.3 249.73 291.70 541.43 OK
r-devel-linux-x86_64-debian-gcc 1.3 208.93 222.52 431.45 OK
r-devel-linux-x86_64-fedora-clang 1.3 752.61 OK
r-devel-linux-x86_64-fedora-gcc 1.3 710.15 OK
r-devel-windows-x86_64 1.3 330.00 388.00 718.00 OK
r-patched-linux-x86_64 1.3 205.01 247.27 452.28 OK
r-release-linux-x86_64 1.3 211.49 250.36 461.85 OK
r-release-macos-arm64 1.3 221.00 NOTE
r-release-macos-x86_64 1.3 233.00 NOTE
r-release-windows-x86_64 1.3 186.00 341.00 527.00 OK
r-oldrel-macos-arm64 1.3 202.00 NOTE
r-oldrel-macos-x86_64 1.3 234.00 NOTE
r-oldrel-windows-ix86+x86_64 1.3 634.00 489.00 1123.00 OK

Check Details

Version: 1.3
Check: installed package size
Result: NOTE
     installed size is 9.5Mb
     sub-directories of 1Mb or more:
     libs 8.9Mb
Flavors: r-release-macos-arm64, r-release-macos-x86_64, r-oldrel-macos-arm64, r-oldrel-macos-x86_64