CRAN Package Check Results for Package solitude

Last updated on 2022-10-07 00:49:35 CEST.

Flavor Version Tinstall Tcheck Ttotal Status Flags
r-devel-linux-x86_64-debian-clang 1.1.3 3.54 35.59 39.13 OK
r-devel-linux-x86_64-debian-gcc 1.1.3 2.69 26.24 28.93 OK
r-devel-linux-x86_64-fedora-clang 1.1.3 60.85 NOTE
r-devel-linux-x86_64-fedora-gcc 1.1.3 54.68 NOTE
r-devel-windows-x86_64 1.1.3 8.00 61.00 69.00 OK
r-patched-linux-x86_64 1.1.3 2.63 32.16 34.79 OK
r-release-linux-x86_64 1.1.3 3.42 33.09 36.51 OK
r-release-macos-arm64 1.1.3 19.00 NOTE
r-release-macos-x86_64 1.1.3 24.00 NOTE
r-release-windows-x86_64 1.1.3 10.00 57.00 67.00 OK
r-oldrel-macos-arm64 1.1.3 22.00 NOTE
r-oldrel-macos-x86_64 1.1.3 25.00 NOTE
r-oldrel-windows-ix86+x86_64 1.1.3 8.00 56.00 64.00 OK

Check Details

Version: 1.1.3
Check: dependencies in R code
Result: NOTE
    Namespaces in Imports field not imported from:
     ‘R6’ ‘lgr’
     All declared Imports should be used.
Flavors: r-devel-linux-x86_64-fedora-clang, r-devel-linux-x86_64-fedora-gcc, r-release-macos-arm64, r-release-macos-x86_64, r-oldrel-macos-arm64, r-oldrel-macos-x86_64