CRAN Package Check Results for Package solitude

Last updated on 2024-05-25 12:48:15 CEST.

Flavor Version Tinstall Tcheck Ttotal Status Flags
r-devel-linux-x86_64-debian-clang 1.1.3 3.40 33.47 36.87 OK
r-devel-linux-x86_64-debian-gcc 1.1.3 2.83 25.53 28.36 OK
r-devel-linux-x86_64-fedora-clang 1.1.3 46.86 NOTE
r-devel-linux-x86_64-fedora-gcc 1.1.3 44.87 NOTE
r-devel-windows-x86_64 1.1.3 4.00 48.00 52.00 OK
r-patched-linux-x86_64 1.1.3 3.79 32.23 36.02 OK
r-release-linux-x86_64 1.1.3 3.55 31.49 35.04 OK
r-release-macos-arm64 1.1.3 18.00 OK
r-release-windows-x86_64 1.1.3 4.00 91.00 95.00 OK
r-oldrel-macos-arm64 1.1.3 19.00 OK
r-oldrel-macos-x86_64 1.1.3 25.00 OK
r-oldrel-windows-x86_64 1.1.3 4.00 49.00 53.00 OK

Check Details

Version: 1.1.3
Check: dependencies in R code
Result: NOTE Namespaces in Imports field not imported from: ‘R6’ ‘lgr’ All declared Imports should be used. Flavors: r-devel-linux-x86_64-fedora-clang, r-devel-linux-x86_64-fedora-gcc