CRAN Package Check Results for Package solitude

Last updated on 2023-09-29 18:54:47 CEST.

Flavor Version Tinstall Tcheck Ttotal Status Flags
r-devel-linux-x86_64-debian-clang 1.1.3 4.07 33.32 37.39 OK
r-devel-linux-x86_64-debian-gcc 1.1.3 2.37 25.61 27.98 OK
r-devel-linux-x86_64-fedora-clang 1.1.3 45.15 NOTE
r-devel-linux-x86_64-fedora-gcc 1.1.3 43.10 NOTE
r-devel-windows-x86_64 1.1.3 29.00 47.00 76.00 OK
r-patched-linux-x86_64 1.1.3 4.05 31.63 35.68 OK
r-release-linux-x86_64 1.1.3 3.75 32.38 36.13 OK
r-release-macos-arm64 1.1.3 19.00 OK
r-release-macos-x86_64 1.1.3 25.00 OK
r-release-windows-x86_64 1.1.3 6.00 50.00 56.00 OK
r-oldrel-macos-arm64 1.1.3 19.00 NOTE
r-oldrel-macos-x86_64 1.1.3 24.00 NOTE
r-oldrel-windows-x86_64 1.1.3 5.00 52.00 57.00 OK

Check Details

Version: 1.1.3
Check: dependencies in R code
Result: NOTE
    Namespaces in Imports field not imported from:
     ‘R6’ ‘lgr’
     All declared Imports should be used.
Flavors: r-devel-linux-x86_64-fedora-clang, r-devel-linux-x86_64-fedora-gcc, r-oldrel-macos-arm64, r-oldrel-macos-x86_64