CRAN Package Check Results for Package softclassval

Last updated on 2022-12-04 00:51:41 CET.

Flavor Version Tinstall Tcheck Ttotal Status Flags
r-devel-linux-x86_64-debian-clang 1.0-20160527 2.51 31.43 33.94 NOTE
r-devel-linux-x86_64-debian-gcc 1.0-20160527 2.31 24.87 27.18 NOTE
r-devel-linux-x86_64-fedora-clang 1.0-20160527 52.32 NOTE
r-devel-linux-x86_64-fedora-gcc 1.0-20160527 50.91 NOTE
r-devel-windows-x86_64 1.0-20160527 24.00 65.00 89.00 NOTE
r-patched-linux-x86_64 1.0-20160527 2.30 30.04 32.34 NOTE
r-release-linux-x86_64 1.0-20160527 2.19 30.57 32.76 NOTE
r-release-macos-arm64 1.0-20160527 19.00 NOTE
r-release-macos-x86_64 1.0-20160527 24.00 NOTE
r-release-windows-x86_64 1.0-20160527 15.00 70.00 85.00 NOTE
r-oldrel-macos-arm64 1.0-20160527 22.00 NOTE
r-oldrel-macos-x86_64 1.0-20160527 30.00 NOTE
r-oldrel-windows-ix86+x86_64 1.0-20160527 7.00 57.00 64.00 NOTE

Check Details

Version: 1.0-20160527
Check: LazyData
Result: NOTE
     'LazyData' is specified without a 'data' directory
Flavors: r-devel-linux-x86_64-debian-clang, r-devel-linux-x86_64-debian-gcc, r-devel-linux-x86_64-fedora-clang, r-devel-linux-x86_64-fedora-gcc, r-devel-windows-x86_64, r-patched-linux-x86_64, r-release-linux-x86_64, r-release-macos-arm64, r-release-macos-x86_64, r-release-windows-x86_64, r-oldrel-macos-arm64, r-oldrel-macos-x86_64, r-oldrel-windows-ix86+x86_64