CRAN Package Check Results for Package socialrisk

Last updated on 2022-08-15 01:51:05 CEST.

Flavor Version Tinstall Tcheck Ttotal Status Flags
r-devel-linux-x86_64-debian-clang 0.5.0 4.02 42.04 46.06 OK
r-devel-linux-x86_64-debian-gcc 0.5.0 2.89 31.49 34.38 OK
r-devel-linux-x86_64-fedora-clang 0.5.0 66.14 NOTE
r-devel-linux-x86_64-fedora-gcc 0.5.0 66.18 NOTE
r-devel-windows-x86_64 0.5.0 11.00 67.00 78.00 OK
r-patched-linux-x86_64 0.5.0 3.91 39.15 43.06 OK
r-release-linux-x86_64 0.5.0 2.58 40.08 42.66 OK
r-release-macos-arm64 0.5.0 22.00 NOTE
r-release-macos-x86_64 0.5.0 35.00 NOTE
r-release-windows-x86_64 0.5.0 13.00 68.00 81.00 OK
r-oldrel-macos-arm64 0.5.0 23.00 NOTE
r-oldrel-macos-x86_64 0.5.0 28.00 NOTE
r-oldrel-windows-ix86+x86_64 0.5.0 14.00 60.00 74.00 OK

Check Details

Version: 0.5.0
Check: dependencies in R code
Result: NOTE
    Namespaces in Imports field not imported from:
     ‘devtools’ ‘stats’ ‘tidyverse’
     All declared Imports should be used.
Flavors: r-devel-linux-x86_64-fedora-clang, r-devel-linux-x86_64-fedora-gcc, r-release-macos-arm64, r-release-macos-x86_64, r-oldrel-macos-arm64, r-oldrel-macos-x86_64