CRAN Package Check Results for Package soc.ca

Last updated on 2022-08-14 00:54:33 CEST.

Flavor Version Tinstall Tcheck Ttotal Status Flags
r-devel-linux-x86_64-debian-clang 0.8.0 12.36 122.18 134.54 OK
r-devel-linux-x86_64-debian-gcc 0.8.0 9.18 88.18 97.36 OK
r-devel-linux-x86_64-fedora-clang 0.8.0 169.30 NOTE
r-devel-linux-x86_64-fedora-gcc 0.8.0 167.78 NOTE
r-devel-windows-x86_64 0.8.0 35.00 144.00 179.00 OK
r-patched-linux-x86_64 0.8.0 17.93 111.34 129.27 OK
r-release-linux-x86_64 0.8.0 11.23 110.96 122.19 OK
r-release-macos-arm64 0.8.0 40.00 NOTE
r-release-macos-x86_64 0.8.0 78.00 NOTE
r-release-windows-x86_64 0.8.0 32.00 147.00 179.00 OK
r-oldrel-macos-arm64 0.8.0 61.00 NOTE
r-oldrel-macos-x86_64 0.8.0 58.00 NOTE
r-oldrel-windows-ix86+x86_64 0.8.0 28.00 148.00 176.00 OK

Check Details

Version: 0.8.0
Check: dependencies in R code
Result: NOTE
    Namespaces in Imports field not imported from:
     ‘FactoMineR’ ‘flextable’ ‘htmlTable’ ‘stringr’
     All declared Imports should be used.
Flavors: r-devel-linux-x86_64-fedora-clang, r-devel-linux-x86_64-fedora-gcc, r-release-macos-arm64, r-release-macos-x86_64, r-oldrel-macos-arm64, r-oldrel-macos-x86_64

Version: 0.8.0
Check: data for non-ASCII characters
Result: NOTE
     Note: found 938 marked UTF-8 strings
Flavors: r-devel-linux-x86_64-fedora-clang, r-devel-linux-x86_64-fedora-gcc, r-release-macos-arm64, r-release-macos-x86_64, r-oldrel-macos-arm64, r-oldrel-macos-x86_64