CRAN Package Check Results for Package snipEM

Last updated on 2020-10-26 13:47:10 CET.

Flavor Version Tinstall Tcheck Ttotal Status Flags
r-devel-linux-x86_64-debian-clang 1.0.1 38.10 64.98 103.08 OK
r-devel-linux-x86_64-debian-gcc 1.0.1 24.95 45.03 69.98 OK
r-devel-linux-x86_64-fedora-clang 1.0.1 140.91 NOTE
r-devel-linux-x86_64-fedora-gcc 1.0.1 127.00 NOTE
r-devel-windows-ix86+x86_64 1.0.1 86.00 138.00 224.00 OK
r-patched-linux-x86_64 1.0.1 35.26 64.19 99.45 OK
r-patched-solaris-x86 1.0.1 132.70 OK
r-release-linux-x86_64 1.0.1 34.68 62.83 97.51 OK
r-release-macos-x86_64 1.0.1 OK
r-release-windows-ix86+x86_64 1.0.1 64.00 107.00 171.00 OK
r-oldrel-macos-x86_64 1.0.1 OK
r-oldrel-windows-ix86+x86_64 1.0.1 78.00 94.00 172.00 OK

Check Details

Version: 1.0.1
Check: compiled code
Result: NOTE
    File ‘snipEM/libs/snipEM.so’:
     Found no calls to: ‘R_registerRoutines’, ‘R_useDynamicSymbols’
    
    It is good practice to register native routines and to disable symbol
    search.
    
    See ‘Writing portable packages’ in the ‘Writing R Extensions’ manual.
Flavors: r-devel-linux-x86_64-fedora-clang, r-devel-linux-x86_64-fedora-gcc