CRAN Package Check Results for Package smpic

Last updated on 2022-08-15 12:54:11 CEST.

Flavor Version Tinstall Tcheck Ttotal Status Flags
r-devel-linux-x86_64-debian-clang 0.1.0 1.98 41.77 43.75 NOTE
r-devel-linux-x86_64-debian-gcc 0.1.0 1.13 31.11 32.24 NOTE
r-devel-linux-x86_64-fedora-clang 0.1.0 64.83 NOTE
r-devel-linux-x86_64-fedora-gcc 0.1.0 64.09 NOTE
r-devel-windows-x86_64 0.1.0 10.00 68.00 78.00 OK
r-patched-linux-x86_64 0.1.0 2.20 40.52 42.72 NOTE
r-release-linux-x86_64 0.1.0 1.39 39.97 41.36 NOTE
r-release-macos-arm64 0.1.0 21.00 OK
r-release-macos-x86_64 0.1.0 41.00 OK
r-release-windows-x86_64 0.1.0 8.00 71.00 79.00 OK
r-oldrel-macos-arm64 0.1.0 26.00 OK
r-oldrel-macos-x86_64 0.1.0 40.00 OK
r-oldrel-windows-ix86+x86_64 0.1.0 6.00 62.00 68.00 OK

Check Details

Version: 0.1.0
Check: for non-standard things in the check directory
Result: NOTE
    Found the following files/directories:
     'my_new_social_media_plot.png'
Flavors: r-devel-linux-x86_64-debian-clang, r-devel-linux-x86_64-debian-gcc, r-devel-linux-x86_64-fedora-clang, r-devel-linux-x86_64-fedora-gcc, r-patched-linux-x86_64, r-release-linux-x86_64