CRAN Package Check Results for Package smovie

Last updated on 2020-05-27 07:51:08 CEST.

Flavor Version Tinstall Tcheck Ttotal Status Flags
r-devel-linux-x86_64-debian-clang 1.1.2 9.44 56.09 65.53 OK
r-devel-linux-x86_64-debian-gcc 1.1.2 7.02 44.30 51.32 OK
r-devel-linux-x86_64-fedora-clang 1.1.2 83.09 OK
r-devel-linux-x86_64-fedora-gcc 1.1.2 81.58 OK
r-devel-windows-ix86+x86_64 1.1.2 16.00 66.00 82.00 ERROR
r-patched-linux-x86_64 1.1.2 9.65 57.15 66.80 OK
r-patched-solaris-x86 1.1.2 116.40 OK
r-release-linux-x86_64 1.1.2 8.79 57.94 66.73 OK
r-release-osx-x86_64 1.1.2 ERROR
r-release-windows-ix86+x86_64 1.1.2 12.00 89.00 101.00 OK
r-oldrel-osx-x86_64 1.1.2 ERROR
r-oldrel-windows-ix86+x86_64 1.1.2 15.00 62.00 77.00 OK

Check Details

Version: 1.1.2
Check: examples
Result: ERROR
    Running examples in 'smovie-Ex.R' failed
    The error most likely occurred in:
    
    > ### Name: clt
    > ### Title: Central Limit Theorem (CLT)
    > ### Aliases: clt
    >
    > ### ** Examples
    >
    > # Exponential data
    > clt()
Flavor: r-devel-windows-ix86+x86_64

Version: 1.1.2
Check: package dependencies
Result: ERROR
    Package required but not available: ‘rpanel’
    
    See section ‘The DESCRIPTION file’ in the ‘Writing R Extensions’
    manual.
Flavors: r-release-osx-x86_64, r-oldrel-osx-x86_64