CRAN Package Check Results for Package smoothr

Last updated on 2022-09-27 12:53:05 CEST.

Flavor Version Tinstall Tcheck Ttotal Status Flags
r-devel-linux-x86_64-debian-clang 0.2.2 27.59 314.46 342.05 OK
r-devel-linux-x86_64-debian-gcc 0.2.2 23.12 231.28 254.40 OK
r-devel-linux-x86_64-fedora-clang 0.2.2 426.29 NOTE
r-devel-linux-x86_64-fedora-gcc 0.2.2 409.09 NOTE
r-devel-windows-x86_64 0.2.2 41.00 301.00 342.00 OK
r-patched-linux-x86_64 0.2.2 25.66 306.90 332.56 OK
r-release-linux-x86_64 0.2.2 26.26 297.94 324.20 OK
r-release-macos-arm64 0.2.2 80.00 NOTE
r-release-macos-x86_64 0.2.2 123.00 NOTE
r-release-windows-x86_64 0.2.2 35.00 338.00 373.00 OK
r-oldrel-macos-arm64 0.2.2 50.00 NOTE
r-oldrel-macos-x86_64 0.2.2 61.00 NOTE
r-oldrel-windows-ix86+x86_64 0.2.2 60.00 312.00 372.00 OK

Check Details

Version: 0.2.2
Check: dependencies in R code
Result: NOTE
    Namespaces in Imports field not imported from:
     ‘methods’ ‘rgeos’
     All declared Imports should be used.
Flavors: r-devel-linux-x86_64-fedora-clang, r-devel-linux-x86_64-fedora-gcc, r-release-macos-arm64, r-release-macos-x86_64, r-oldrel-macos-arm64, r-oldrel-macos-x86_64