CRAN Package Check Results for Package smoothAPC

Last updated on 2020-09-22 14:05:11 CEST.

Flavor Version Tinstall Tcheck Ttotal Status Flags
r-devel-linux-x86_64-debian-clang 0.3 8.92 119.31 128.23 OK
r-devel-linux-x86_64-debian-gcc 0.3 9.15 98.53 107.68 OK
r-devel-linux-x86_64-fedora-clang 0.3 170.46 NOTE
r-devel-linux-x86_64-fedora-gcc 0.3 155.88 NOTE
r-devel-windows-ix86+x86_64 0.3 30.00 122.00 152.00 OK
r-patched-linux-x86_64 0.3 9.24 116.48 125.72 OK
r-patched-solaris-x86 0.3 252.40 NOTE
r-release-linux-x86_64 0.3 11.31 120.13 131.44 OK
r-release-macos-x86_64 0.3 NOTE
r-release-windows-ix86+x86_64 0.3 24.00 107.00 131.00 OK
r-oldrel-macos-x86_64 0.3 WARN
r-oldrel-windows-ix86+x86_64 0.3 16.00 132.00 148.00 OK

Check Details

Version: 0.3
Check: dependencies in R code
Result: NOTE
    Namespaces in Imports field not imported from:
     ‘compiler’ ‘lmtest’
     All declared Imports should be used.
Flavors: r-devel-linux-x86_64-fedora-clang, r-devel-linux-x86_64-fedora-gcc, r-patched-solaris-x86, r-release-macos-x86_64, r-oldrel-macos-x86_64

Version: 0.3
Check: whether package can be installed
Result: WARN
    Found the following significant warnings:
     Warning: 'rgl_init' failed, running with rgl.useNULL = TRUE
Flavor: r-oldrel-macos-x86_64