CRAN Package Check Results for Package smoothAPC

Last updated on 2022-08-12 21:53:14 CEST.

Flavor Version Tinstall Tcheck Ttotal Status Flags
r-devel-linux-x86_64-debian-clang 0.3 12.03 129.00 141.03 NOTE
r-devel-linux-x86_64-debian-gcc 0.3 9.86 99.30 109.16 NOTE
r-devel-linux-x86_64-fedora-clang 0.3 174.75 NOTE
r-devel-linux-x86_64-fedora-gcc 0.3 173.92 NOTE
r-devel-windows-x86_64 0.3 28.00 145.00 173.00 NOTE
r-patched-linux-x86_64 0.3 9.96 121.79 131.75 NOTE
r-release-linux-x86_64 0.3 11.48 121.76 133.24 NOTE
r-release-macos-arm64 0.3 68.00 NOTE
r-release-macos-x86_64 0.3 66.00 NOTE
r-release-windows-x86_64 0.3 25.00 148.00 173.00 NOTE
r-oldrel-macos-arm64 0.3 60.00 NOTE
r-oldrel-macos-x86_64 0.3 106.00 NOTE
r-oldrel-windows-ix86+x86_64 0.3 25.00 143.00 168.00 NOTE

Check Details

Version: 0.3
Check: LazyData
Result: NOTE
     'LazyData' is specified without a 'data' directory
Flavors: r-devel-linux-x86_64-debian-clang, r-devel-linux-x86_64-debian-gcc, r-devel-linux-x86_64-fedora-clang, r-devel-linux-x86_64-fedora-gcc, r-devel-windows-x86_64, r-patched-linux-x86_64, r-release-linux-x86_64, r-release-macos-arm64, r-release-macos-x86_64, r-release-windows-x86_64, r-oldrel-macos-arm64, r-oldrel-macos-x86_64, r-oldrel-windows-ix86+x86_64

Version: 0.3
Check: dependencies in R code
Result: NOTE
    Namespaces in Imports field not imported from:
     ‘compiler’ ‘lmtest’
     All declared Imports should be used.
Flavors: r-devel-linux-x86_64-fedora-clang, r-devel-linux-x86_64-fedora-gcc, r-release-macos-arm64, r-release-macos-x86_64, r-oldrel-macos-arm64, r-oldrel-macos-x86_64