CRAN Package Check Results for Package smartsnp

Last updated on 2022-10-01 01:49:17 CEST.

Flavor Version Tinstall Tcheck Ttotal Status Flags
r-devel-linux-x86_64-debian-clang 1.1.0 31.63 67.45 99.08 NOTE
r-devel-linux-x86_64-debian-gcc 1.1.0 23.31 49.34 72.65 NOTE
r-devel-linux-x86_64-fedora-clang 1.1.0 146.04 NOTE
r-devel-linux-x86_64-fedora-gcc 1.1.0 135.87 NOTE
r-devel-windows-x86_64 1.1.0 43.00 112.00 155.00 NOTE
r-patched-linux-x86_64 1.1.0 23.92 61.92 85.84 NOTE
r-release-linux-x86_64 1.1.0 25.23 63.50 88.73 NOTE
r-release-macos-arm64 1.1.0 40.00 NOTE
r-release-macos-x86_64 1.1.0 55.00 NOTE
r-release-windows-x86_64 1.1.0 37.00 121.00 158.00 NOTE
r-oldrel-macos-arm64 1.1.0 41.00 NOTE
r-oldrel-macos-x86_64 1.1.0 61.00 NOTE
r-oldrel-windows-ix86+x86_64 1.1.0 86.00 137.00 223.00 NOTE

Check Details

Version: 1.1.0
Check: LazyData
Result: NOTE
     'LazyData' is specified without a 'data' directory
Flavors: r-devel-linux-x86_64-debian-clang, r-devel-linux-x86_64-debian-gcc, r-devel-linux-x86_64-fedora-clang, r-devel-linux-x86_64-fedora-gcc, r-devel-windows-x86_64, r-patched-linux-x86_64, r-release-linux-x86_64, r-release-macos-arm64, r-release-macos-x86_64, r-release-windows-x86_64, r-oldrel-macos-arm64, r-oldrel-macos-x86_64, r-oldrel-windows-ix86+x86_64