Last updated on 2022-08-19 06:52:36 CEST.
Flavor | Version | Tinstall | Tcheck | Ttotal | Status | Flags |
---|---|---|---|---|---|---|
r-devel-linux-x86_64-debian-clang | 1.0.2 | 106.43 | 133.51 | 239.94 | OK | |
r-devel-linux-x86_64-debian-gcc | 1.0.2 | 100.23 | 117.54 | 217.77 | OK | |
r-devel-linux-x86_64-fedora-clang | 1.0.2 | 283.16 | OK | |||
r-devel-linux-x86_64-fedora-gcc | 1.0.2 | 268.78 | OK | |||
r-devel-windows-x86_64 | 1.0.2 | 81.00 | 121.00 | 202.00 | OK | |
r-patched-linux-x86_64 | 1.0.2 | 101.27 | 102.92 | 204.19 | OK | |
r-release-linux-x86_64 | 1.0.2 | OK | ||||
r-release-macos-arm64 | 1.0.2 | 78.00 | NOTE | |||
r-release-macos-x86_64 | 1.0.2 | 88.00 | NOTE | |||
r-release-windows-x86_64 | 1.0.2 | 79.00 | 130.00 | 209.00 | OK | |
r-oldrel-macos-arm64 | 1.0.2 | 75.00 | NOTE | |||
r-oldrel-macos-x86_64 | 1.0.2 | 87.00 | NOTE | |||
r-oldrel-windows-ix86+x86_64 | 1.0.2 | 250.00 | 181.00 | 431.00 | OK |
Version: 1.0.2
Check: installed package size
Result: NOTE
installed size is 22.7Mb
sub-directories of 1Mb or more:
libs 22.3Mb
Flavors: r-release-macos-arm64, r-release-macos-x86_64, r-oldrel-macos-arm64, r-oldrel-macos-x86_64