CRAN Package Check Results for Package slasso

Last updated on 2022-10-05 18:49:12 CEST.

Flavor Version Tinstall Tcheck Ttotal Status Flags
r-devel-linux-x86_64-debian-clang 1.0.0 69.13 59.27 128.40 OK
r-devel-linux-x86_64-debian-gcc 1.0.0 55.07 45.33 100.40 OK
r-devel-linux-x86_64-fedora-clang 1.0.0 191.62 NOTE
r-devel-linux-x86_64-fedora-gcc 1.0.0 174.04 NOTE
r-devel-windows-x86_64 1.0.0 63.00 104.00 167.00 OK
r-patched-linux-x86_64 1.0.0 44.13 56.95 101.08 OK
r-release-linux-x86_64 1.0.0 51.31 58.59 109.90 OK
r-release-macos-arm64 1.0.0 47.00 NOTE
r-release-macos-x86_64 1.0.0 77.00 NOTE
r-release-windows-x86_64 1.0.0 65.00 105.00 170.00 OK
r-oldrel-macos-arm64 1.0.0 57.00 NOTE
r-oldrel-macos-x86_64 1.0.0 68.00 NOTE
r-oldrel-windows-ix86+x86_64 1.0.0 224.00 435.00 659.00 NOTE

Check Details

Version: 1.0.0
Check: dependencies in R code
Result: NOTE
    Namespace in Imports field not imported from: ‘RcppArmadillo’
     All declared Imports should be used.
Flavors: r-devel-linux-x86_64-fedora-clang, r-devel-linux-x86_64-fedora-gcc, r-release-macos-arm64, r-release-macos-x86_64, r-oldrel-macos-arm64, r-oldrel-macos-x86_64

Version: 1.0.0
Check: installed package size
Result: NOTE
     installed size is 5.1Mb
     sub-directories of 1Mb or more:
     R 2.0Mb
     libs 2.0Mb
Flavor: r-oldrel-windows-ix86+x86_64