CRAN Package Check Results for Package slackr

Last updated on 2022-08-19 06:52:36 CEST.

Flavor Version Tinstall Tcheck Ttotal Status Flags
r-devel-linux-x86_64-debian-clang 3.2.0 7.11 70.20 77.31 OK
r-devel-linux-x86_64-debian-gcc 3.2.0 5.13 51.39 56.52 OK
r-devel-linux-x86_64-fedora-clang 3.2.0 100.11 NOTE
r-devel-linux-x86_64-fedora-gcc 3.2.0 95.76 NOTE
r-devel-windows-x86_64 3.2.0 27.00 105.00 132.00 OK
r-patched-linux-x86_64 3.2.0 5.92 66.27 72.19 OK
r-release-linux-x86_64 3.2.0 OK
r-release-macos-arm64 3.2.0 30.00 NOTE
r-release-macos-x86_64 3.2.0 53.00 NOTE
r-release-windows-x86_64 3.2.0 21.00 102.00 123.00 OK
r-oldrel-macos-arm64 3.2.0 33.00 NOTE
r-oldrel-macos-x86_64 3.2.0 40.00 NOTE
r-oldrel-windows-ix86+x86_64 3.2.0 17.00 96.00 113.00 OK

Check Details

Version: 3.2.0
Check: dependencies in R code
Result: NOTE
    Namespace in Imports field not imported from: ‘methods’
     All declared Imports should be used.
Flavors: r-devel-linux-x86_64-fedora-clang, r-devel-linux-x86_64-fedora-gcc, r-release-macos-arm64, r-release-macos-x86_64, r-oldrel-macos-arm64, r-oldrel-macos-x86_64