CRAN Package Check Results for Package skynet

Last updated on 2022-10-02 12:56:06 CEST.

Flavor Version Tinstall Tcheck Ttotal Status Flags
r-devel-linux-x86_64-debian-clang 1.4.3 11.40 114.13 125.53 OK
r-devel-linux-x86_64-debian-gcc 1.4.3 8.79 82.21 91.00 OK
r-devel-linux-x86_64-fedora-clang 1.4.3 161.52 NOTE
r-devel-linux-x86_64-fedora-gcc 1.4.3 148.93 NOTE
r-devel-windows-x86_64 1.4.3 40.00 146.00 186.00 OK
r-patched-linux-x86_64 1.4.3 10.19 104.02 114.21 OK
r-release-linux-x86_64 1.4.3 7.32 102.06 109.38 OK
r-release-macos-arm64 1.4.3 41.00 NOTE
r-release-macos-x86_64 1.4.3 62.00 NOTE
r-release-windows-x86_64 1.4.3 20.00 146.00 166.00 OK
r-oldrel-macos-arm64 1.4.3 49.00 NOTE
r-oldrel-macos-x86_64 1.4.3 61.00 NOTE
r-oldrel-windows-ix86+x86_64 1.4.3 25.00 138.00 163.00 OK

Check Details

Version: 1.4.3
Check: dependencies in R code
Result: NOTE
    Namespace in Imports field not imported from: ‘maps’
     All declared Imports should be used.
Flavors: r-devel-linux-x86_64-fedora-clang, r-devel-linux-x86_64-fedora-gcc, r-release-macos-arm64, r-release-macos-x86_64, r-oldrel-macos-arm64, r-oldrel-macos-x86_64