CRAN Package Check Results for Package skpr

Last updated on 2020-04-02 12:51:48 CEST.

Flavor Version Tinstall Tcheck Ttotal Status Flags
r-devel-linux-x86_64-debian-clang 0.64.2 166.79 183.79 350.58 OK
r-devel-linux-x86_64-debian-gcc 0.64.2 135.11 142.00 277.11 OK
r-devel-linux-x86_64-fedora-clang 0.64.2 460.03 NOTE
r-devel-linux-x86_64-fedora-gcc 0.64.2 458.88 NOTE
r-devel-windows-ix86+x86_64 0.64.2 222.00 280.00 502.00 OK
r-devel-windows-ix86+x86_64-gcc8 0.64.2 279.00 323.00 602.00 OK
r-patched-linux-x86_64 0.64.2 155.82 183.55 339.37 OK
r-patched-solaris-x86 0.64.2 489.70 NOTE
r-release-linux-x86_64 0.64.2 150.94 175.95 326.89 OK
r-release-windows-ix86+x86_64 0.64.2 254.00 419.00 673.00 OK
r-release-osx-x86_64 0.64.2 NOTE
r-oldrel-windows-ix86+x86_64 0.64.2 249.00 322.00 571.00 OK
r-oldrel-osx-x86_64 0.64.2 NOTE

Check Details

Version: 0.64.2
Check: package dependencies
Result: NOTE
    Imports includes 22 non-default packages.
    Importing from so many packages makes the package vulnerable to any of
    them becoming unavailable. Move as many as possible to Suggests and
    use conditionally.
Flavor: r-devel-linux-x86_64-fedora-clang

Version: 0.64.2
Check: installed package size
Result: NOTE
     installed size is 35.0Mb
     sub-directories of 1Mb or more:
     libs 33.4Mb
Flavors: r-devel-linux-x86_64-fedora-clang, r-release-osx-x86_64, r-oldrel-osx-x86_64

Version: 0.64.2
Check: dependencies in R code
Result: NOTE
    Namespace in Imports field not imported from: ‘nlme’
     All declared Imports should be used.
Flavors: r-devel-linux-x86_64-fedora-clang, r-devel-linux-x86_64-fedora-gcc, r-patched-solaris-x86, r-release-osx-x86_64, r-oldrel-osx-x86_64