Last updated on 2022-08-13 12:55:26 CEST.
Flavor | Version | Tinstall | Tcheck | Ttotal | Status | Flags |
---|---|---|---|---|---|---|
r-devel-linux-x86_64-debian-clang | 0.2-14 | 3.78 | 464.03 | 467.81 | NOTE | |
r-devel-linux-x86_64-debian-gcc | 0.2-14 | 2.66 | 302.63 | 305.29 | NOTE | |
r-devel-linux-x86_64-fedora-clang | 0.2-14 | 527.32 | NOTE | |||
r-devel-linux-x86_64-fedora-gcc | 0.2-14 | 512.73 | NOTE | |||
r-devel-windows-x86_64 | 0.2-14 | 11.00 | 429.00 | 440.00 | NOTE | |
r-patched-linux-x86_64 | 0.2-14 | 3.07 | 359.36 | 362.43 | NOTE | |
r-release-linux-x86_64 | 0.2-14 | 3.58 | 359.21 | 362.79 | NOTE | |
r-release-macos-arm64 | 0.2-14 | 21.00 | NOTE | |||
r-release-macos-x86_64 | 0.2-14 | 160.00 | NOTE | |||
r-release-windows-x86_64 | 0.2-14 | 14.00 | 351.00 | 365.00 | NOTE | |
r-oldrel-macos-arm64 | 0.2-14 | 27.00 | NOTE | |||
r-oldrel-macos-x86_64 | 0.2-14 | 29.00 | NOTE | |||
r-oldrel-windows-ix86+x86_64 | 0.2-14 | 7.00 | 402.00 | 409.00 | NOTE |
Version: 0.2-14
Check: package dependencies
Result: NOTE
Package which this enhances but not available for checking: 'kmndirs'
Flavors: r-devel-linux-x86_64-debian-clang, r-devel-linux-x86_64-debian-gcc, r-devel-linux-x86_64-fedora-clang, r-devel-linux-x86_64-fedora-gcc, r-devel-windows-x86_64, r-patched-linux-x86_64, r-release-linux-x86_64, r-release-macos-arm64, r-release-macos-x86_64, r-release-windows-x86_64, r-oldrel-macos-arm64, r-oldrel-macos-x86_64, r-oldrel-windows-ix86+x86_64
Version: 0.2-14
Check: dependencies in R code
Result: NOTE
Unavailable namespace imported from by a ':::' call: 'kmndirs'
See the note in ?`:::` about the use of this operator.
Flavors: r-devel-linux-x86_64-debian-clang, r-devel-linux-x86_64-debian-gcc, r-devel-linux-x86_64-fedora-clang, r-devel-linux-x86_64-fedora-gcc, r-devel-windows-x86_64, r-patched-linux-x86_64, r-release-linux-x86_64, r-release-macos-arm64, r-release-macos-x86_64, r-release-windows-x86_64, r-oldrel-macos-arm64, r-oldrel-macos-x86_64, r-oldrel-windows-ix86+x86_64