CRAN Package Check Results for Package sistec

Last updated on 2022-08-15 12:54:11 CEST.

Flavor Version Tinstall Tcheck Ttotal Status Flags
r-devel-linux-x86_64-debian-clang 0.2.0 7.71 70.77 78.48 NOTE
r-devel-linux-x86_64-debian-gcc 0.2.0 6.91 52.11 59.02 NOTE
r-devel-linux-x86_64-fedora-clang 0.2.0 103.56 NOTE
r-devel-linux-x86_64-fedora-gcc 0.2.0 102.12 NOTE
r-devel-windows-x86_64 0.2.0 37.00 94.00 131.00 NOTE
r-patched-linux-x86_64 0.2.0 8.40 65.54 73.94 NOTE
r-release-linux-x86_64 0.2.0 8.77 64.92 73.69 NOTE
r-release-macos-arm64 0.2.0 30.00 NOTE
r-release-macos-x86_64 0.2.0 55.00 NOTE
r-release-windows-x86_64 0.2.0 30.00 92.00 122.00 NOTE
r-oldrel-macos-arm64 0.2.0 32.00 NOTE
r-oldrel-macos-x86_64 0.2.0 49.00 NOTE
r-oldrel-windows-ix86+x86_64 0.2.0 19.00 90.00 109.00 NOTE

Check Details

Version: 0.2.0
Check: LazyData
Result: NOTE
     'LazyData' is specified without a 'data' directory
Flavors: r-devel-linux-x86_64-debian-clang, r-devel-linux-x86_64-debian-gcc, r-devel-linux-x86_64-fedora-clang, r-devel-linux-x86_64-fedora-gcc, r-devel-windows-x86_64, r-patched-linux-x86_64, r-release-linux-x86_64, r-release-macos-arm64, r-release-macos-x86_64, r-release-windows-x86_64, r-oldrel-macos-arm64, r-oldrel-macos-x86_64, r-oldrel-windows-ix86+x86_64

Version: 0.2.0
Check: dependencies in R code
Result: NOTE
    Namespace in Imports field not imported from: ‘stringi’
     All declared Imports should be used.
Flavors: r-devel-linux-x86_64-fedora-clang, r-devel-linux-x86_64-fedora-gcc, r-release-macos-arm64, r-release-macos-x86_64, r-oldrel-macos-arm64, r-oldrel-macos-x86_64