CRAN Package Check Results for Package sistec

Last updated on 2024-05-28 06:58:44 CEST.

Flavor Version Tinstall Tcheck Ttotal Status Flags
r-devel-linux-x86_64-debian-clang 0.2.0 9.01 63.18 72.19 NOTE
r-devel-linux-x86_64-debian-gcc 0.2.0 6.17 46.42 52.59 NOTE
r-devel-linux-x86_64-fedora-clang 0.2.0 88.79 NOTE
r-devel-linux-x86_64-fedora-gcc 0.2.0 84.21 NOTE
r-devel-windows-x86_64 0.2.0 9.00 64.00 73.00 NOTE
r-patched-linux-x86_64 0.2.0 7.50 60.08 67.58 NOTE
r-release-linux-x86_64 0.2.0 7.49 58.36 65.85 NOTE
r-release-macos-arm64 0.2.0 29.00 NOTE
r-release-windows-x86_64 0.2.0 9.00 64.00 73.00 NOTE
r-oldrel-macos-arm64 0.2.0 32.00 NOTE
r-oldrel-macos-x86_64 0.2.0 49.00 NOTE
r-oldrel-windows-x86_64 0.2.0 10.00 75.00 85.00 NOTE

Check Details

Version: 0.2.0
Check: LazyData
Result: NOTE 'LazyData' is specified without a 'data' directory Flavors: r-devel-linux-x86_64-debian-clang, r-devel-linux-x86_64-debian-gcc, r-devel-linux-x86_64-fedora-clang, r-devel-linux-x86_64-fedora-gcc, r-devel-windows-x86_64, r-patched-linux-x86_64, r-release-linux-x86_64, r-release-macos-arm64, r-release-windows-x86_64, r-oldrel-macos-arm64, r-oldrel-macos-x86_64, r-oldrel-windows-x86_64

Version: 0.2.0
Check: dependencies in R code
Result: NOTE Namespace in Imports field not imported from: ‘stringi’ All declared Imports should be used. Flavors: r-devel-linux-x86_64-fedora-clang, r-devel-linux-x86_64-fedora-gcc