Last updated on 2023-12-11 18:53:43 CET.
Flavor | Version | Tinstall | Tcheck | Ttotal | Status | Flags |
---|---|---|---|---|---|---|
r-devel-linux-x86_64-debian-clang | 0.3.3 | 113.31 | 132.17 | 245.48 | NOTE | |
r-devel-linux-x86_64-debian-gcc | 0.3.3 | 84.99 | 97.04 | 182.03 | NOTE | |
r-devel-linux-x86_64-fedora-clang | 0.3.3 | 352.92 | NOTE | |||
r-devel-linux-x86_64-fedora-gcc | 0.3.3 | 334.64 | NOTE | |||
r-devel-windows-x86_64 | 0.3.3 | 93.00 | 129.00 | 222.00 | NOTE | |
r-patched-linux-x86_64 | 0.3.3 | 99.70 | 127.88 | 227.58 | NOTE | |
r-release-linux-x86_64 | 0.3.3 | 95.95 | 126.80 | 222.75 | NOTE | |
r-release-macos-arm64 | 0.3.3 | 99.00 | NOTE | |||
r-release-macos-x86_64 | 0.3.3 | 149.00 | NOTE | |||
r-release-windows-x86_64 | 0.3.3 | 115.00 | 160.00 | 275.00 | NOTE | |
r-oldrel-macos-arm64 | 0.3.3 | 82.00 | NOTE | |||
r-oldrel-macos-x86_64 | 0.3.3 | 106.00 | NOTE | |||
r-oldrel-windows-x86_64 | 0.3.3 | 107.00 | 154.00 | 261.00 | OK |
Version: 0.3.3
Check: C++ specification
Result: NOTE
Specified C++11: please drop specification unless essential
Flavors: r-devel-linux-x86_64-debian-clang, r-devel-linux-x86_64-debian-gcc, r-devel-linux-x86_64-fedora-clang, r-devel-linux-x86_64-fedora-gcc, r-devel-windows-x86_64, r-patched-linux-x86_64, r-release-linux-x86_64, r-release-macos-arm64, r-release-macos-x86_64, r-release-windows-x86_64
Version: 0.3.3
Check: installed package size
Result: NOTE
installed size is 7.8Mb
sub-directories of 1Mb or more:
libs 7.5Mb
Flavors: r-release-macos-arm64, r-release-macos-x86_64, r-oldrel-macos-arm64, r-oldrel-macos-x86_64