CRAN Package Check Results for Package simsurv

Last updated on 2022-10-04 00:51:48 CEST.

Flavor Version Tinstall Tcheck Ttotal Status Flags
r-devel-linux-x86_64-debian-clang 1.0.0 3.17 420.44 423.61 NOTE
r-devel-linux-x86_64-debian-gcc 1.0.0 2.50 280.28 282.78 NOTE
r-devel-linux-x86_64-fedora-clang 1.0.0 508.57 NOTE
r-devel-linux-x86_64-fedora-gcc 1.0.0 487.83 NOTE
r-devel-windows-x86_64 1.0.0 15.00 393.00 408.00 NOTE
r-patched-linux-x86_64 1.0.0 2.38 388.20 390.58 OK
r-release-linux-x86_64 1.0.0 2.59 403.12 405.71 OK
r-release-macos-arm64 1.0.0 90.00 OK
r-release-macos-x86_64 1.0.0 139.00 OK
r-release-windows-x86_64 1.0.0 13.00 402.00 415.00 OK
r-oldrel-macos-arm64 1.0.0 100.00 OK
r-oldrel-macos-x86_64 1.0.0 210.00 OK
r-oldrel-windows-ix86+x86_64 1.0.0 7.00 434.00 441.00 OK

Check Details

Version: 1.0.0
Check: package subdirectories
Result: NOTE
    Problems with news in 'NEWS.md':
     Cannot extract version info from the following section titles:
     Version (Date)
Flavors: r-devel-linux-x86_64-debian-clang, r-devel-linux-x86_64-debian-gcc, r-devel-linux-x86_64-fedora-clang, r-devel-linux-x86_64-fedora-gcc, r-devel-windows-x86_64