CRAN Package Check Results for Package simplegraphdb

Last updated on 2022-10-06 01:50:01 CEST.

Flavor Version Tinstall Tcheck Ttotal Status Flags
r-devel-linux-x86_64-debian-clang 2021.03.10 5.46 47.82 53.28 NOTE
r-devel-linux-x86_64-debian-gcc 2021.03.10 4.59 37.18 41.77 NOTE
r-devel-linux-x86_64-fedora-clang 2021.03.10 76.44 NOTE
r-devel-linux-x86_64-fedora-gcc 2021.03.10 73.16 NOTE
r-devel-windows-x86_64 2021.03.10 44.00 78.00 122.00 NOTE
r-patched-linux-x86_64 2021.03.10 4.72 45.68 50.40 NOTE
r-release-linux-x86_64 2021.03.10 5.50 45.80 51.30 NOTE
r-release-macos-arm64 2021.03.10 23.00 NOTE
r-release-macos-x86_64 2021.03.10 32.00 NOTE
r-release-windows-x86_64 2021.03.10 33.00 76.00 109.00 NOTE
r-oldrel-macos-arm64 2021.03.10 25.00 NOTE
r-oldrel-macos-x86_64 2021.03.10 38.00 NOTE
r-oldrel-windows-ix86+x86_64 2021.03.10 13.00 72.00 85.00 NOTE

Check Details

Version: 2021.03.10
Check: LazyData
Result: NOTE
     'LazyData' is specified without a 'data' directory
Flavors: r-devel-linux-x86_64-debian-clang, r-devel-linux-x86_64-debian-gcc, r-devel-linux-x86_64-fedora-clang, r-devel-linux-x86_64-fedora-gcc, r-devel-windows-x86_64, r-patched-linux-x86_64, r-release-linux-x86_64, r-release-macos-arm64, r-release-macos-x86_64, r-release-windows-x86_64, r-oldrel-macos-arm64, r-oldrel-macos-x86_64, r-oldrel-windows-ix86+x86_64

Version: 2021.03.10
Check: dependencies in R code
Result: NOTE
    Namespace in Imports field not imported from: ‘DBI’
     All declared Imports should be used.
Flavors: r-devel-linux-x86_64-fedora-clang, r-devel-linux-x86_64-fedora-gcc, r-release-macos-arm64, r-release-macos-x86_64, r-oldrel-macos-arm64, r-oldrel-macos-x86_64