CRAN Package Check Results for Package simode

Last updated on 2020-09-22 14:05:10 CEST.

Flavor Version Tinstall Tcheck Ttotal Status Flags
r-devel-linux-x86_64-debian-clang 1.2.0 5.67 236.17 241.84 OK
r-devel-linux-x86_64-debian-gcc 1.2.0 4.63 165.94 170.57 OK
r-devel-linux-x86_64-fedora-clang 1.2.0 321.44 NOTE
r-devel-linux-x86_64-fedora-gcc 1.2.0 278.05 NOTE
r-devel-windows-ix86+x86_64 1.2.0 10.00 231.00 241.00 OK
r-patched-linux-x86_64 1.2.0 5.57 228.82 234.39 OK
r-patched-solaris-x86 1.2.0 316.20 NOTE
r-release-linux-x86_64 1.2.0 4.92 233.38 238.30 OK
r-release-macos-x86_64 1.2.0 NOTE
r-release-windows-ix86+x86_64 1.2.0 9.00 226.00 235.00 OK
r-oldrel-macos-x86_64 1.2.0 NOTE
r-oldrel-windows-ix86+x86_64 1.2.0 6.00 299.00 305.00 OK

Check Details

Version: 1.2.0
Check: dependencies in R code
Result: NOTE
    Namespace in Imports field not imported from: ‘quadprog’
     All declared Imports should be used.
Flavors: r-devel-linux-x86_64-fedora-clang, r-devel-linux-x86_64-fedora-gcc, r-patched-solaris-x86, r-release-macos-x86_64, r-oldrel-macos-x86_64