CRAN Package Check Results for Package simitation

Last updated on 2024-05-23 21:50:55 CEST.

Flavor Version Tinstall Tcheck Ttotal Status Flags
r-devel-linux-x86_64-debian-clang 0.0.7 4.09 411.26 415.35 NOTE
r-devel-linux-x86_64-debian-gcc 0.0.7 3.33 287.93 291.26 NOTE
r-devel-linux-x86_64-fedora-clang 0.0.7 498.35 NOTE
r-devel-linux-x86_64-fedora-gcc 0.0.7 469.71 NOTE
r-devel-windows-x86_64 0.0.7 5.00 257.00 262.00 NOTE
r-patched-linux-x86_64 0.0.7 6.09 384.95 391.04 NOTE
r-release-linux-x86_64 0.0.7 3.34 392.66 396.00 NOTE
r-release-macos-arm64 0.0.7 108.00 NOTE
r-release-windows-x86_64 0.0.7 6.00 256.00 262.00 NOTE
r-oldrel-macos-arm64 0.0.7 117.00 OK
r-oldrel-macos-x86_64 0.0.7 425.00 OK
r-oldrel-windows-x86_64 0.0.7 5.00 358.00 363.00 OK

Check Details

Version: 0.0.7
Check: Rd files
Result: NOTE checkRd: (-1) internal.statistics.one.lm.Rd:18: Lost braces in \itemize; \value handles \item{}{} directly checkRd: (-1) internal.statistics.one.lm.Rd:19: Lost braces in \itemize; \value handles \item{}{} directly checkRd: (-1) simstudy.logistic.Rd:64: Lost braces in \itemize; \value handles \item{}{} directly checkRd: (-1) simstudy.logistic.Rd:65: Lost braces in \itemize; \value handles \item{}{} directly checkRd: (-1) simstudy.logistic.Rd:66: Lost braces in \itemize; \value handles \item{}{} directly checkRd: (-1) simstudy.logistic.Rd:67: Lost braces in \itemize; \value handles \item{}{} directly checkRd: (-1) simstudy.prop.Rd:51: Lost braces in \itemize; \value handles \item{}{} directly checkRd: (-1) simstudy.prop.Rd:52: Lost braces in \itemize; \value handles \item{}{} directly checkRd: (-1) simstudy.prop.Rd:53: Lost braces in \itemize; \value handles \item{}{} directly checkRd: (-1) simstudy.prop2.Rd:66: Lost braces in \itemize; \value handles \item{}{} directly checkRd: (-1) simstudy.prop2.Rd:67: Lost braces in \itemize; \value handles \item{}{} directly checkRd: (-1) simstudy.prop2.Rd:68: Lost braces in \itemize; \value handles \item{}{} directly checkRd: (-1) simstudy.t.Rd:51: Lost braces in \itemize; \value handles \item{}{} directly checkRd: (-1) simstudy.t.Rd:52: Lost braces in \itemize; \value handles \item{}{} directly checkRd: (-1) simstudy.t.Rd:53: Lost braces in \itemize; \value handles \item{}{} directly checkRd: (-1) simstudy.t2.Rd:72: Lost braces in \itemize; \value handles \item{}{} directly checkRd: (-1) simstudy.t2.Rd:73: Lost braces in \itemize; \value handles \item{}{} directly checkRd: (-1) simstudy.t2.Rd:74: Lost braces in \itemize; \value handles \item{}{} directly Flavors: r-devel-linux-x86_64-debian-clang, r-devel-linux-x86_64-debian-gcc, r-devel-linux-x86_64-fedora-clang, r-devel-linux-x86_64-fedora-gcc, r-devel-windows-x86_64, r-patched-linux-x86_64, r-release-linux-x86_64, r-release-macos-arm64, r-release-windows-x86_64