CRAN Package Check Results for Package simPATHy

Last updated on 2022-08-15 12:54:11 CEST.

Flavor Version Tinstall Tcheck Ttotal Status Flags
r-devel-linux-x86_64-debian-clang 0.6 5.33 67.29 72.62 OK
r-devel-linux-x86_64-debian-gcc 0.6 3.77 50.74 54.51 OK
r-devel-linux-x86_64-fedora-clang 0.6 99.90 NOTE
r-devel-linux-x86_64-fedora-gcc 0.6 94.80 OK
r-devel-windows-x86_64 0.6 23.00 98.00 121.00 OK
r-patched-linux-x86_64 0.6 4.64 63.16 67.80 OK
r-release-linux-x86_64 0.6 3.59 64.54 68.13 OK
r-release-macos-arm64 0.6 7.00 ERROR
r-release-macos-x86_64 0.6 9.00 ERROR
r-release-windows-x86_64 0.6 30.00 96.00 126.00 OK
r-oldrel-macos-arm64 0.6 45.00 NOTE
r-oldrel-macos-x86_64 0.6 11.00 ERROR
r-oldrel-windows-ix86+x86_64 0.6 11.00 90.00 101.00 OK

Additional issues

noSuggests

Check Details

Version: 0.6
Check: package dependencies
Result: NOTE
    Package suggested but not available for checking: ‘clipper’
Flavors: r-devel-linux-x86_64-fedora-clang, r-oldrel-macos-arm64

Version: 0.6
Check: package dependencies
Result: ERROR
    Package required but not available: ‘qpgraph’
    
    Packages suggested but not available for checking: 'clipper', 'topologyGSA'
    
    See section ‘The DESCRIPTION file’ in the ‘Writing R Extensions’
    manual.
Flavors: r-release-macos-arm64, r-release-macos-x86_64, r-oldrel-macos-x86_64