CRAN Package Check Results for Package simDNAmixtures

Last updated on 2023-01-31 21:51:49 CET.

Flavor Version Tinstall Tcheck Ttotal Status Flags
r-devel-linux-x86_64-debian-clang 1.0.1 3.93 49.69 53.62 OK
r-devel-linux-x86_64-debian-gcc 1.0.1 3.67 37.07 40.74 OK
r-devel-linux-x86_64-fedora-clang 1.0.1 67.29 NOTE
r-devel-linux-x86_64-fedora-gcc 1.0.1 75.58 NOTE
r-devel-windows-x86_64 1.0.1 63.00 89.00 152.00 OK
r-patched-linux-x86_64 1.0.1 4.39 46.79 51.18 OK
r-release-linux-x86_64 1.0.1 2.89 48.55 51.44 OK
r-release-macos-arm64 1.0.1 25.00 NOTE
r-release-macos-x86_64 1.0.1 36.00 NOTE
r-release-windows-x86_64 1.0.1 56.00 86.00 142.00 OK
r-oldrel-macos-arm64 1.0.1 24.00 NOTE
r-oldrel-macos-x86_64 1.0.1 33.00 NOTE
r-oldrel-windows-ix86+x86_64 1.0.1 9.00 77.00 86.00 OK

Check Details

Version: 1.0.1
Check: dependencies in R code
Result: NOTE
    Namespaces in Imports field not imported from:
     ‘pedtools’ ‘readr’
     All declared Imports should be used.
Flavors: r-devel-linux-x86_64-fedora-clang, r-devel-linux-x86_64-fedora-gcc, r-release-macos-arm64, r-release-macos-x86_64, r-oldrel-macos-arm64, r-oldrel-macos-x86_64