CRAN Package Check Results for Package shrinkTVP

Last updated on 2020-10-24 07:49:56 CEST.

Flavor Version Tinstall Tcheck Ttotal Status Flags
r-devel-linux-x86_64-debian-clang 1.1.1 123.40 55.23 178.63 OK
r-devel-linux-x86_64-debian-gcc 1.1.1 94.14 42.88 137.02 OK
r-devel-linux-x86_64-fedora-clang 1.1.1 277.60 NOTE
r-devel-linux-x86_64-fedora-gcc 1.1.1 236.55 OK
r-devel-windows-ix86+x86_64 1.1.1 281.00 106.00 387.00 OK
r-patched-linux-x86_64 1.1.1 114.25 53.40 167.65 OK
r-patched-solaris-x86 1.1.1 235.20 OK
r-release-linux-x86_64 1.1.1 118.98 53.49 172.47 OK
r-release-macos-x86_64 1.1.1 NOTE
r-release-windows-ix86+x86_64 1.1.1 215.00 89.00 304.00 OK
r-oldrel-macos-x86_64 1.1.1 NOTE
r-oldrel-windows-ix86+x86_64 1.1.1 257.00 85.00 342.00 OK

Check Details

Version: 1.1.1
Check: installed package size
Result: NOTE
     installed size is 6.2Mb
     sub-directories of 1Mb or more:
     libs 5.4Mb
Flavors: r-devel-linux-x86_64-fedora-clang, r-release-macos-x86_64, r-oldrel-macos-x86_64