CRAN Package Check Results for Package shinyservicebot

Last updated on 2024-05-28 06:58:44 CEST.

Flavor Version Tinstall Tcheck Ttotal Status Flags
r-devel-linux-x86_64-debian-clang 0.1.0 3.56 34.62 38.18 NOTE
r-devel-linux-x86_64-debian-gcc 0.1.0 2.39 27.10 29.49 NOTE
r-devel-linux-x86_64-fedora-clang 0.1.0 49.12 NOTE
r-devel-linux-x86_64-fedora-gcc 0.1.0 59.14 NOTE
r-devel-windows-x86_64 0.1.0 5.00 50.00 55.00 NOTE
r-patched-linux-x86_64 0.1.0 2.51 33.63 36.14 NOTE
r-release-linux-x86_64 0.1.0 2.96 34.35 37.31 NOTE
r-release-macos-arm64 0.1.0 30.00 NOTE
r-release-windows-x86_64 0.1.0 4.00 50.00 54.00 NOTE
r-oldrel-macos-arm64 0.1.0 28.00 NOTE
r-oldrel-macos-x86_64 0.1.0 36.00 NOTE
r-oldrel-windows-x86_64 0.1.0 5.00 54.00 59.00 NOTE

Check Details

Version: 0.1.0
Check: LazyData
Result: NOTE 'LazyData' is specified without a 'data' directory Flavors: r-devel-linux-x86_64-debian-clang, r-devel-linux-x86_64-debian-gcc, r-devel-linux-x86_64-fedora-clang, r-devel-linux-x86_64-fedora-gcc, r-devel-windows-x86_64, r-patched-linux-x86_64, r-release-linux-x86_64, r-release-macos-arm64, r-release-windows-x86_64, r-oldrel-macos-arm64, r-oldrel-macos-x86_64, r-oldrel-windows-x86_64