CRAN Package Check Results for Package shinyrecipes

Last updated on 2024-05-20 21:54:32 CEST.

Flavor Version Tinstall Tcheck Ttotal Status Flags
r-devel-linux-x86_64-debian-clang 0.1.0 15.72 132.40 148.12 NOTE
r-devel-linux-x86_64-debian-gcc 0.1.0 13.77 98.02 111.79 NOTE
r-devel-linux-x86_64-fedora-clang 0.1.0 193.19 NOTE
r-devel-linux-x86_64-fedora-gcc 0.1.0 178.82 NOTE
r-devel-windows-x86_64 0.1.0 16.00 105.00 121.00 NOTE
r-patched-linux-x86_64 0.1.0 13.67 127.39 141.06 NOTE
r-release-linux-x86_64 0.1.0 10.95 124.91 135.86 NOTE
r-release-macos-arm64 0.1.0 51.00 NOTE
r-release-windows-x86_64 0.1.0 15.00 106.00 121.00 NOTE
r-oldrel-macos-arm64 0.1.0 59.00 NOTE
r-oldrel-macos-x86_64 0.1.0 95.00 NOTE
r-oldrel-windows-x86_64 0.1.0 20.00 133.00 153.00 NOTE

Check Details

Version: 0.1.0
Check: LazyData
Result: NOTE 'LazyData' is specified without a 'data' directory Flavors: r-devel-linux-x86_64-debian-clang, r-devel-linux-x86_64-debian-gcc, r-devel-linux-x86_64-fedora-clang, r-devel-linux-x86_64-fedora-gcc, r-devel-windows-x86_64, r-patched-linux-x86_64, r-release-linux-x86_64, r-release-macos-arm64, r-release-windows-x86_64, r-oldrel-macos-arm64, r-oldrel-macos-x86_64, r-oldrel-windows-x86_64