CRAN Package Check Results for Package shinyjs

Last updated on 2024-02-24 06:50:50 CET.

Flavor Version Tinstall Tcheck Ttotal Status Flags
r-devel-linux-x86_64-debian-clang 2.1.0 2.71 37.81 40.52 NOTE
r-devel-linux-x86_64-debian-gcc 2.1.0 2.46 29.62 32.08 NOTE
r-devel-linux-x86_64-fedora-gcc 2.1.0 67.82 OK
r-devel-windows-x86_64 2.1.0 4.00 61.00 65.00 OK
r-patched-linux-x86_64 2.1.0 2.95 37.43 40.38 OK
r-release-linux-x86_64 2.1.0 2.37 37.28 39.65 OK
r-release-macos-arm64 2.1.0 35.00 OK
r-release-macos-x86_64 2.1.0 46.00 OK
r-release-windows-x86_64 2.1.0 6.00 62.00 68.00 OK
r-oldrel-macos-arm64 2.1.0 23.00 OK
r-oldrel-windows-x86_64 2.1.0 7.00 60.00 67.00 OK

Check Details

Version: 2.1.0
Check: Rd files
Result: NOTE checkRd: (-1) shinyjs-defunct.Rd:18: Lost braces in \itemize; meant \describe ? checkRd: (-1) shinyjs-defunct.Rd:19: Lost braces in \itemize; meant \describe ? checkRd: (-1) shinyjs-defunct.Rd:20: Lost braces in \itemize; meant \describe ? Flavors: r-devel-linux-x86_64-debian-clang, r-devel-linux-x86_64-debian-gcc