CRAN Package Check Results for Package shinycustomloader

Last updated on 2024-05-19 18:54:25 CEST.

Flavor Version Tinstall Tcheck Ttotal Status Flags
r-devel-linux-x86_64-debian-clang 0.9.0 3.49 38.37 41.86 NOTE
r-devel-linux-x86_64-debian-gcc 0.9.0 2.82 29.68 32.50 NOTE
r-devel-linux-x86_64-fedora-clang 0.9.0 52.63 NOTE
r-devel-linux-x86_64-fedora-gcc 0.9.0 102.11 NOTE
r-devel-windows-x86_64 0.9.0 4.00 56.00 60.00 NOTE
r-patched-linux-x86_64 0.9.0 2.71 36.50 39.21 NOTE
r-release-linux-x86_64 0.9.0 2.65 36.61 39.26 NOTE
r-release-macos-arm64 0.9.0 21.00 NOTE
r-release-windows-x86_64 0.9.0 4.00 55.00 59.00 NOTE
r-oldrel-macos-arm64 0.9.0 21.00 NOTE
r-oldrel-macos-x86_64 0.9.0 31.00 NOTE
r-oldrel-windows-x86_64 0.9.0 5.00 58.00 63.00 NOTE

Check Details

Version: 0.9.0
Check: LazyData
Result: NOTE 'LazyData' is specified without a 'data' directory Flavors: r-devel-linux-x86_64-debian-clang, r-devel-linux-x86_64-debian-gcc, r-devel-linux-x86_64-fedora-clang, r-devel-linux-x86_64-fedora-gcc, r-devel-windows-x86_64, r-patched-linux-x86_64, r-release-linux-x86_64, r-release-macos-arm64, r-release-windows-x86_64, r-oldrel-macos-arm64, r-oldrel-macos-x86_64, r-oldrel-windows-x86_64