CRAN Package Check Results for Package shinycustomloader

Last updated on 2022-08-14 18:49:25 CEST.

Flavor Version Tinstall Tcheck Ttotal Status Flags
r-devel-linux-x86_64-debian-clang 0.9.0 3.04 37.50 40.54 NOTE
r-devel-linux-x86_64-debian-gcc 0.9.0 2.39 29.45 31.84 NOTE
r-devel-linux-x86_64-fedora-clang 0.9.0 59.34 NOTE
r-devel-linux-x86_64-fedora-gcc 0.9.0 62.09 NOTE
r-devel-windows-x86_64 0.9.0 25.00 66.00 91.00 NOTE
r-patched-linux-x86_64 0.9.0 3.21 36.04 39.25 NOTE
r-release-linux-x86_64 0.9.0 3.06 37.13 40.19 NOTE
r-release-macos-arm64 0.9.0 20.00 NOTE
r-release-macos-x86_64 0.9.0 38.00 NOTE
r-release-windows-x86_64 0.9.0 46.00 71.00 117.00 NOTE
r-oldrel-macos-arm64 0.9.0 27.00 NOTE
r-oldrel-macos-x86_64 0.9.0 42.00 NOTE
r-oldrel-windows-ix86+x86_64 0.9.0 11.00 62.00 73.00 NOTE

Check Details

Version: 0.9.0
Check: LazyData
Result: NOTE
     'LazyData' is specified without a 'data' directory
Flavors: r-devel-linux-x86_64-debian-clang, r-devel-linux-x86_64-debian-gcc, r-devel-linux-x86_64-fedora-clang, r-devel-linux-x86_64-fedora-gcc, r-devel-windows-x86_64, r-patched-linux-x86_64, r-release-linux-x86_64, r-release-macos-arm64, r-release-macos-x86_64, r-release-windows-x86_64, r-oldrel-macos-arm64, r-oldrel-macos-x86_64, r-oldrel-windows-ix86+x86_64