CRAN Package Check Results for Package shinyanimate

Last updated on 2022-08-12 12:56:20 CEST.

Flavor Version Tinstall Tcheck Ttotal Status Flags
r-devel-linux-x86_64-debian-clang 0.3.0 2.54 35.53 38.07 NOTE
r-devel-linux-x86_64-debian-gcc 0.3.0 2.52 27.42 29.94 NOTE
r-devel-linux-x86_64-fedora-clang 0.3.0 56.27 NOTE
r-devel-linux-x86_64-fedora-gcc 0.3.0 57.86 NOTE
r-devel-windows-x86_64 0.3.0 13.00 61.00 74.00 NOTE
r-patched-linux-x86_64 0.3.0 2.70 34.30 37.00 NOTE
r-release-linux-x86_64 0.3.0 2.65 34.65 37.30 NOTE
r-release-macos-arm64 0.3.0 19.00 NOTE
r-release-macos-x86_64 0.3.0 34.00 NOTE
r-release-windows-x86_64 0.3.0 10.00 64.00 74.00 NOTE
r-oldrel-macos-arm64 0.3.0 21.00 NOTE
r-oldrel-macos-x86_64 0.3.0 30.00 NOTE
r-oldrel-windows-ix86+x86_64 0.3.0 10.00 55.00 65.00 NOTE

Check Details

Version: 0.3.0
Check: LazyData
Result: NOTE
     'LazyData' is specified without a 'data' directory
Flavors: r-devel-linux-x86_64-debian-clang, r-devel-linux-x86_64-debian-gcc, r-devel-linux-x86_64-fedora-clang, r-devel-linux-x86_64-fedora-gcc, r-devel-windows-x86_64, r-patched-linux-x86_64, r-release-linux-x86_64, r-release-macos-arm64, r-release-macos-x86_64, r-release-windows-x86_64, r-oldrel-macos-arm64, r-oldrel-macos-x86_64, r-oldrel-windows-ix86+x86_64