Last updated on 2022-08-10 01:49:20 CEST.
Flavor | Version | Tinstall | Tcheck | Ttotal | Status | Flags |
---|---|---|---|---|---|---|
r-devel-linux-x86_64-debian-clang | 3.0.0 | 1.92 | 22.88 | 24.80 | OK | |
r-devel-linux-x86_64-debian-gcc | 3.0.0 | 1.80 | 17.51 | 19.31 | OK | |
r-devel-linux-x86_64-fedora-clang | 3.0.0 | 41.50 | NOTE | |||
r-devel-linux-x86_64-fedora-gcc | 3.0.0 | 41.67 | NOTE | |||
r-devel-windows-x86_64 | 3.0.0 | 15.00 | 49.00 | 64.00 | OK | |
r-patched-linux-x86_64 | 3.0.0 | 2.41 | 21.93 | 24.34 | OK | |
r-release-linux-x86_64 | 3.0.0 | OK | ||||
r-release-macos-arm64 | 3.0.0 | 16.00 | NOTE | |||
r-release-macos-x86_64 | 3.0.0 | 26.00 | NOTE | |||
r-release-windows-x86_64 | 3.0.0 | 19.00 | 48.00 | 67.00 | OK | |
r-oldrel-macos-arm64 | 3.0.0 | 17.00 | NOTE | |||
r-oldrel-macos-x86_64 | 3.0.0 | 21.00 | NOTE | |||
r-oldrel-windows-ix86+x86_64 | 3.0.0 | 7.00 | 47.00 | 54.00 | OK |
Version: 3.0.0
Check: dependencies in R code
Result: NOTE
Namespace in Imports field not imported from: ‘stats’
All declared Imports should be used.
Flavors: r-devel-linux-x86_64-fedora-clang, r-devel-linux-x86_64-fedora-gcc, r-release-macos-arm64, r-release-macos-x86_64, r-oldrel-macos-arm64, r-oldrel-macos-x86_64