CRAN Package Check Results for Package shinyBS

Last updated on 2020-07-14 13:51:28 CEST.

Flavor Version Tinstall Tcheck Ttotal Status Flags
r-devel-linux-x86_64-debian-clang 0.61 3.07 29.91 32.98 NOTE
r-devel-linux-x86_64-debian-gcc 0.61 2.48 24.06 26.54 NOTE
r-devel-linux-x86_64-fedora-clang 0.61 48.80 NOTE
r-devel-linux-x86_64-fedora-gcc 0.61 41.59 NOTE
r-devel-windows-ix86+x86_64 0.61 17.00 46.00 63.00 NOTE
r-patched-linux-x86_64 0.61 3.07 30.06 33.13 NOTE
r-patched-solaris-x86 0.61 60.50 NOTE
r-release-linux-x86_64 0.61 2.74 29.94 32.68 NOTE
r-release-macos-x86_64 0.61 ERROR
r-release-windows-ix86+x86_64 0.61 13.00 47.00 60.00 NOTE
r-oldrel-macos-x86_64 0.61 NOTE
r-oldrel-windows-ix86+x86_64 0.61 9.00 177.00 186.00 NOTE

Check Details

Version: 0.61
Check: R code for possible problems
Result: NOTE
    popify: no visible global function definition for 'runif'
    tipify: no visible global function definition for 'runif'
    Undefined global functions or variables:
     runif
    Consider adding
     importFrom("stats", "runif")
    to your NAMESPACE file.
Flavors: r-devel-linux-x86_64-debian-clang, r-devel-linux-x86_64-debian-gcc, r-devel-linux-x86_64-fedora-clang, r-devel-linux-x86_64-fedora-gcc, r-devel-windows-ix86+x86_64, r-patched-linux-x86_64, r-patched-solaris-x86, r-release-linux-x86_64, r-release-windows-ix86+x86_64, r-oldrel-macos-x86_64, r-oldrel-windows-ix86+x86_64

Version: 0.61
Check: whether package can be installed
Result: ERROR
    Installation failed.
Flavor: r-release-macos-x86_64