Last updated on 2022-06-27 12:53:42 CEST.
Flavor | Version | Tinstall | Tcheck | Ttotal | Status | Flags |
---|---|---|---|---|---|---|
r-devel-linux-x86_64-debian-clang | 1.7.1 | 41.38 | 151.28 | 192.66 | OK | |
r-devel-linux-x86_64-debian-gcc | 1.7.1 | 31.96 | 115.15 | 147.11 | OK | |
r-devel-linux-x86_64-fedora-clang | 1.7.1 | 236.73 | NOTE | |||
r-devel-linux-x86_64-fedora-gcc | 1.7.1 | 242.10 | OK | |||
r-devel-windows-x86_64 | 1.7.1 | 332.00 | 215.00 | 547.00 | NOTE | |
r-patched-linux-x86_64 | 1.7.1 | 47.17 | 143.57 | 190.74 | OK | |
r-release-linux-x86_64 | 1.7.1 | 41.02 | 147.72 | 188.74 | OK | |
r-release-macos-arm64 | 1.7.1 | 76.00 | NOTE | |||
r-release-macos-x86_64 | 1.7.1 | 99.00 | NOTE | |||
r-release-windows-x86_64 | 1.7.1 | 339.00 | 213.00 | 552.00 | NOTE | |
r-oldrel-macos-arm64 | 1.7.1 | 80.00 | NOTE | |||
r-oldrel-macos-x86_64 | 1.7.1 | 94.00 | NOTE | |||
r-oldrel-windows-ix86+x86_64 | 1.7.1 | 66.00 | 200.00 | 266.00 | NOTE |
Version: 1.7.1
Check: installed package size
Result: NOTE
installed size is 10.2Mb
sub-directories of 1Mb or more:
R 1.6Mb
www 7.2Mb
Flavors: r-devel-linux-x86_64-fedora-clang, r-devel-windows-x86_64, r-release-macos-arm64, r-release-macos-x86_64, r-release-windows-x86_64, r-oldrel-macos-arm64, r-oldrel-macos-x86_64, r-oldrel-windows-ix86+x86_64