CRAN Package Check Results for Package sharpshootR

Last updated on 2024-06-14 21:53:50 CEST.

Flavor Version Tinstall Tcheck Ttotal Status Flags
r-devel-linux-x86_64-debian-clang 2.3.1 11.71 132.81 144.52 NOTE
r-devel-linux-x86_64-debian-gcc 2.3.1 11.29 99.96 111.25 NOTE
r-devel-linux-x86_64-fedora-clang 2.3.1 169.14 NOTE
r-devel-linux-x86_64-fedora-gcc 2.3.1 192.61 NOTE
r-devel-windows-x86_64 2.3.1 13.00 119.00 132.00 NOTE
r-patched-linux-x86_64 2.3.1 16.05 132.74 148.79 NOTE
r-release-linux-x86_64 2.3.1 13.23 129.94 143.17 NOTE
r-release-macos-arm64 2.3.1 50.00 NOTE
r-release-macos-x86_64 2.3.1 106.00 NOTE
r-release-windows-x86_64 2.3.1 13.00 123.00 136.00 NOTE
r-oldrel-macos-arm64 2.3.1 56.00 NOTE
r-oldrel-macos-x86_64 2.3.1 117.00 NOTE
r-oldrel-windows-x86_64 2.3.1 16.00 152.00 168.00 NOTE

Check Details

Version: 2.3.1
Check: package dependencies
Result: NOTE Package suggested but not available for checking: ‘hydromad’ Flavors: r-devel-linux-x86_64-debian-clang, r-devel-linux-x86_64-debian-gcc, r-devel-linux-x86_64-fedora-clang, r-devel-linux-x86_64-fedora-gcc, r-devel-windows-x86_64, r-patched-linux-x86_64, r-release-linux-x86_64, r-release-macos-arm64, r-release-macos-x86_64, r-release-windows-x86_64, r-oldrel-macos-arm64, r-oldrel-macos-x86_64, r-oldrel-windows-x86_64