CRAN Package Check Results for Package shapper

Last updated on 2022-08-14 06:51:57 CEST.

Flavor Version Tinstall Tcheck Ttotal Status Flags
r-devel-linux-x86_64-debian-clang 0.1.3 11.03 103.26 114.29 NOTE
r-devel-linux-x86_64-debian-gcc 0.1.3 9.26 78.44 87.70 NOTE
r-devel-linux-x86_64-fedora-clang 0.1.3 153.51 NOTE
r-devel-linux-x86_64-fedora-gcc 0.1.3 157.75 NOTE
r-devel-windows-x86_64 0.1.3 20.00 132.00 152.00 NOTE
r-patched-linux-x86_64 0.1.3 6.82 98.40 105.22 NOTE
r-release-linux-x86_64 0.1.3 7.16 97.68 104.84 NOTE
r-release-macos-arm64 0.1.3 43.00 NOTE
r-release-macos-x86_64 0.1.3 72.00 NOTE
r-release-windows-x86_64 0.1.3 26.00 136.00 162.00 NOTE
r-oldrel-macos-arm64 0.1.3 46.00 NOTE
r-oldrel-macos-x86_64 0.1.3 73.00 NOTE
r-oldrel-windows-ix86+x86_64 0.1.3 29.00 133.00 162.00 NOTE

Check Details

Version: 0.1.3
Check: LazyData
Result: NOTE
     'LazyData' is specified without a 'data' directory
Flavors: r-devel-linux-x86_64-debian-clang, r-devel-linux-x86_64-debian-gcc, r-devel-linux-x86_64-fedora-clang, r-devel-linux-x86_64-fedora-gcc, r-devel-windows-x86_64, r-patched-linux-x86_64, r-release-linux-x86_64, r-release-macos-arm64, r-release-macos-x86_64, r-release-windows-x86_64, r-oldrel-macos-arm64, r-oldrel-macos-x86_64, r-oldrel-windows-ix86+x86_64