CRAN Package Check Results for Package sgat

Last updated on 2022-10-06 12:55:38 CEST.

Flavor Version Tinstall Tcheck Ttotal Status Flags
r-devel-linux-x86_64-debian-clang 0.9 2.09 29.45 31.54 NOTE
r-devel-linux-x86_64-debian-gcc 0.9 1.92 22.91 24.83 NOTE
r-devel-linux-x86_64-fedora-clang 0.9 51.41 NOTE
r-devel-linux-x86_64-fedora-gcc 0.9 50.87 NOTE
r-devel-windows-x86_64 0.9 11.00 63.00 74.00 NOTE
r-patched-linux-x86_64 0.9 2.17 28.78 30.95 NOTE
r-release-linux-x86_64 0.9 2.30 29.01 31.31 NOTE
r-release-macos-arm64 0.9 23.00 NOTE
r-release-macos-x86_64 0.9 37.00 NOTE
r-release-windows-x86_64 0.9 11.00 61.00 72.00 NOTE
r-oldrel-macos-arm64 0.9 27.00 NOTE
r-oldrel-macos-x86_64 0.9 34.00 NOTE
r-oldrel-windows-ix86+x86_64 0.9 8.00 58.00 66.00 NOTE

Check Details

Version: 0.9
Check: LazyData
Result: NOTE
     'LazyData' is specified without a 'data' directory
Flavors: r-devel-linux-x86_64-debian-clang, r-devel-linux-x86_64-debian-gcc, r-devel-linux-x86_64-fedora-clang, r-devel-linux-x86_64-fedora-gcc, r-devel-windows-x86_64, r-patched-linux-x86_64, r-release-linux-x86_64, r-release-macos-arm64, r-release-macos-x86_64, r-release-windows-x86_64, r-oldrel-macos-arm64, r-oldrel-macos-x86_64, r-oldrel-windows-ix86+x86_64

Version: 0.9
Check: dependencies in R code
Result: NOTE
    Namespace in Imports field not imported from: ‘plyr’
     All declared Imports should be used.
Flavors: r-devel-linux-x86_64-fedora-clang, r-devel-linux-x86_64-fedora-gcc, r-release-macos-arm64, r-release-macos-x86_64, r-oldrel-macos-arm64, r-oldrel-macos-x86_64